CRAN Package Check Results for Package BASiNET

Last updated on 2018-02-24 20:48:16 CET.

Flavor Version Tinstall Tcheck Ttotal Status Flags
r-devel-linux-x86_64-debian-clang 0.0.2 11.36 154.20 165.56 OK
r-devel-linux-x86_64-debian-gcc 0.0.2 10.37 118.86 129.23 OK
r-devel-windows-ix86+x86_64 0.0.2 21.00 167.00 188.00 OK
r-patched-linux-x86_64 0.0.2 10.61 153.94 164.55 OK
r-release-linux-x86_64 0.0.2 11.50 154.83 166.33 OK
r-release-windows-ix86+x86_64 0.0.2 27.00 180.00 207.00 OK
r-release-osx-x86_64 0.0.2 ERROR
r-oldrel-osx-x86_64 0.0.2 ERROR

Check Details

Version: 0.0.2
Check: package dependencies
Result: ERROR
    Package required but not available: ‘Biostrings’
    
    See section ‘The DESCRIPTION file’ in the ‘Writing R Extensions’
    manual.
Flavor: r-release-osx-x86_64

Version: 0.0.2
Check: whether package can be installed
Result: ERROR
    Installation failed.
Flavor: r-oldrel-osx-x86_64