CRAN Package Check Results for Package BASiNET

Last updated on 2019-11-16 00:51:00 CET.

Flavor Version Tinstall Tcheck Ttotal Status Flags
r-devel-linux-x86_64-debian-clang 0.0.4 19.34 175.92 195.26 OK
r-devel-linux-x86_64-debian-gcc 0.0.4 15.69 134.13 149.82 OK
r-devel-linux-x86_64-fedora-clang 0.0.4 250.94 OK
r-devel-linux-x86_64-fedora-gcc 0.0.4 240.24 OK
r-devel-windows-ix86+x86_64 0.0.4 20.00 6.00 26.00 ERROR
r-patched-linux-x86_64 0.0.4 15.34 167.96 183.30 OK
r-release-linux-x86_64 0.0.4 15.96 167.41 183.37 OK
r-release-windows-ix86+x86_64 0.0.4 28.00 196.00 224.00 OK
r-release-osx-x86_64 0.0.4 OK
r-oldrel-windows-ix86+x86_64 0.0.4 17.00 132.00 149.00 OK
r-oldrel-osx-x86_64 0.0.4 OK

Check Details

Version: 0.0.4
Check: whether package can be installed
Result: ERROR
    Installation failed.
Flavor: r-devel-windows-ix86+x86_64