CRAN Package Check Results for Package BAT

Last updated on 2020-02-24 14:47:57 CET.

Flavor Version Tinstall Tcheck Ttotal Status Flags
r-devel-linux-x86_64-debian-clang 2.0.0 20.91 182.51 203.42 OK
r-devel-linux-x86_64-debian-gcc 2.0.0 16.95 134.38 151.33 OK
r-devel-linux-x86_64-fedora-clang 2.0.0 252.72 WARN
r-devel-linux-x86_64-fedora-gcc 2.0.0 238.99 WARN
r-devel-windows-ix86+x86_64 2.0.0 44.00 163.00 207.00 OK
r-devel-windows-ix86+x86_64-gcc8 2.0.0 59.00 236.00 295.00 OK
r-patched-linux-x86_64 2.0.0 OK
r-patched-solaris-x86 2.0.0 295.40 OK
r-release-linux-x86_64 2.0.0 17.88 154.29 172.17 OK
r-release-windows-ix86+x86_64 2.0.0 32.00 157.00 189.00 OK
r-release-osx-x86_64 2.0.0 WARN
r-oldrel-windows-ix86+x86_64 2.0.0 20.00 159.00 179.00 OK
r-oldrel-osx-x86_64 2.0.0 WARN

Check Details

Version: 2.0.0
Check: whether package can be installed
Result: WARN
    Found the following significant warnings:
     Warning: namespace ‘rgdal’ is not available and has been replaced
Flavors: r-devel-linux-x86_64-fedora-clang, r-devel-linux-x86_64-fedora-gcc

Version: 2.0.0
Check: whether package can be installed
Result: WARN
    Found the following significant warnings:
     Warning: 'rgl_init' failed, running with rgl.useNULL = TRUE
Flavors: r-release-osx-x86_64, r-oldrel-osx-x86_64

Version: 2.0.0
Check: dependencies in R code
Result: NOTE
    No protocol specified
Flavors: r-release-osx-x86_64, r-oldrel-osx-x86_64

Version: 2.0.0
Check: S3 generic/method consistency
Result: WARN
    No protocol specified
    See section ‘Generic functions and methods’ in the ‘Writing R
    Extensions’ manual.
Flavors: r-release-osx-x86_64, r-oldrel-osx-x86_64

Version: 2.0.0
Check: replacement functions
Result: WARN
    No protocol specified
    The argument of a replacement function which corresponds to the right
    hand side must be named ‘value’.
Flavors: r-release-osx-x86_64, r-oldrel-osx-x86_64

Version: 2.0.0
Check: foreign function calls
Result: NOTE
    No protocol specified
    See chapter ‘System and foreign language interfaces’ in the ‘Writing R
    Extensions’ manual.
Flavors: r-release-osx-x86_64, r-oldrel-osx-x86_64

Version: 2.0.0
Check: R code for possible problems
Result: NOTE
    No protocol specified
Flavors: r-release-osx-x86_64, r-oldrel-osx-x86_64

Version: 2.0.0
Check: for missing documentation entries
Result: WARN
    No protocol specified
    All user-level objects in a package should have documentation entries.
    See chapter ‘Writing R documentation files’ in the ‘Writing R
    Extensions’ manual.
Flavors: r-release-osx-x86_64, r-oldrel-osx-x86_64

Version: 2.0.0
Check: for code/documentation mismatches
Result: WARN
    No protocol specified
    No protocol specified
    No protocol specified
Flavors: r-release-osx-x86_64, r-oldrel-osx-x86_64

Version: 2.0.0
Check: Rd \usage sections
Result: NOTE
    No protocol specified
    The \usage entries for S3 methods should use the \method markup and not
    their full name.
    See chapter ‘Writing R documentation files’ in the ‘Writing R
    Extensions’ manual.
Flavors: r-release-osx-x86_64, r-oldrel-osx-x86_64