CRAN Package Check Results for Package BAT

Last updated on 2019-09-21 07:49:06 CEST.

Flavor Version Tinstall Tcheck Ttotal Status Flags
r-devel-linux-x86_64-debian-clang 1.6.0 15.78 153.42 169.20 OK
r-devel-linux-x86_64-debian-gcc 1.6.0 14.57 113.55 128.12 OK
r-devel-linux-x86_64-fedora-clang 1.6.0 200.42 OK
r-devel-linux-x86_64-fedora-gcc 1.6.0 195.37 OK
r-devel-windows-ix86+x86_64 1.6.0 60.00 242.00 302.00 OK
r-patched-linux-x86_64 1.6.0 14.86 144.53 159.39 OK
r-patched-solaris-x86 1.6.0 281.10 OK
r-release-linux-x86_64 1.6.0 13.88 146.43 160.31 OK
r-release-windows-ix86+x86_64 1.6.0 29.00 149.00 178.00 OK
r-release-osx-x86_64 1.6.0 WARN
r-oldrel-windows-ix86+x86_64 1.6.0 20.00 141.00 161.00 OK
r-oldrel-osx-x86_64 1.6.0 WARN

Check Details

Version: 1.6.0
Check: whether package can be installed
Result: WARN
    Found the following significant warnings:
     Warning: 'rgl_init' failed, running with rgl.useNULL = TRUE
Flavors: r-release-osx-x86_64, r-oldrel-osx-x86_64