CRAN Package Check Results for Package BAT

Last updated on 2021-05-06 23:49:24 CEST.

Flavor Version Tinstall Tcheck Ttotal Status Flags
r-devel-linux-x86_64-debian-clang 2.5.1 21.93 183.88 205.81 OK
r-devel-linux-x86_64-debian-gcc 2.5.1 16.24 136.51 152.75 OK
r-devel-linux-x86_64-fedora-clang 2.5.1 252.03 OK
r-devel-linux-x86_64-fedora-gcc 2.5.1 236.36 OK
r-devel-windows-ix86+x86_64 2.5.1 45.00 226.00 271.00 OK
r-devel-windows-x86_64-gcc10-UCRT 2.5.1 OK
r-patched-linux-x86_64 2.5.1 21.35 174.88 196.23 OK
r-patched-solaris-x86 2.5.1 321.10 OK
r-release-linux-x86_64 2.5.1 18.77 166.13 184.90 OK
r-release-macos-x86_64 2.5.1 OK
r-release-windows-ix86+x86_64 2.5.1 36.00 153.00 189.00 OK
r-oldrel-macos-x86_64 2.5.1 WARN
r-oldrel-windows-ix86+x86_64 2.5.1 41.00 204.00 245.00 OK

Check Details

Version: 2.5.1
Check: whether package can be installed
Result: WARN
    Found the following significant warnings:
     Warning: 'rgl.init' failed, running with 'rgl.useNULL = TRUE'.
Flavor: r-oldrel-macos-x86_64