CRAN Package Check Results for Package BAwiR

Last updated on 2018-08-19 08:48:42 CEST.

Flavor Version Tinstall Tcheck Ttotal Status Flags
r-devel-linux-x86_64-debian-clang 1.1.1 10.91 120.24 131.15 OK
r-devel-linux-x86_64-debian-gcc 1.1.1 8.96 93.48 102.44 OK
r-devel-linux-x86_64-fedora-clang 1.1.1 152.98 OK
r-devel-linux-x86_64-fedora-gcc 1.1.1 157.21 OK
r-devel-windows-ix86+x86_64 1.1.1 38.00 189.00 227.00 OK
r-patched-linux-x86_64 1.1.1 9.38 103.24 112.62 OK
r-patched-solaris-x86 1.1.1 211.70 OK
r-release-linux-x86_64 1.1.1 7.64 104.76 112.40 OK
r-release-windows-ix86+x86_64 1.1.1 43.00 176.00 219.00 OK
r-release-osx-x86_64 1.1.1 WARN
r-oldrel-windows-ix86+x86_64 1.1.1 21.00 143.00 164.00 OK
r-oldrel-osx-x86_64 1.1.1 WARN

Check Details

Version: 1.1.1
Check: whether package can be installed
Result: WARN
    Found the following significant warnings:
     Warning: 'rgl_init' failed, running with rgl.useNULL = TRUE
Flavors: r-release-osx-x86_64, r-oldrel-osx-x86_64