CRAN Package Check Results for Package BCBCSF

Last updated on 2021-04-10 14:47:49 CEST.

Flavor Version Tinstall Tcheck Ttotal Status Flags
r-devel-linux-x86_64-debian-clang 1.0-1 3.35 40.55 43.90 NOTE
r-devel-linux-x86_64-debian-gcc 1.0-1 2.32 30.19 32.51 NOTE
r-devel-linux-x86_64-fedora-clang 1.0-1 60.89 NOTE
r-devel-linux-x86_64-fedora-gcc 1.0-1 47.96 NOTE
r-devel-windows-ix86+x86_64 1.0-1 9.00 85.00 94.00 OK
r-devel-windows-x86_64-gcc10-UCRT 1.0-1 OK
r-patched-linux-x86_64 1.0-1 3.31 39.21 42.52 NOTE
r-patched-solaris-x86 1.0-1 82.20 NOTE
r-release-linux-x86_64 1.0-1 3.64 39.01 42.65 NOTE
r-release-macos-x86_64 1.0-1 OK
r-release-windows-ix86+x86_64 1.0-1 8.00 87.00 95.00 OK
r-oldrel-macos-x86_64 1.0-1 OK
r-oldrel-windows-ix86+x86_64 1.0-1 9.00 104.00 113.00 OK

Check Details

Version: 1.0-1
Check: for non-standard things in the check directory
Result: NOTE
    Found the following files/directories:
     '.fitbcbcsf_alpha1_mu_3_n_31_p_4026_nfsel_20_biascor_1.RData'
     '.fitbcbcsf_alpha1_mu_3_n_31_p_4026_nfsel_50_biascor_1.RData'
     '.fitbcbcsf_alpha1_mu_3_n_53_p_4026_nfsel_20_biascor_1.RData'
     '.fitbcbcsf_alpha1_mu_3_n_53_p_4026_nfsel_50_biascor_1.RData'
Flavors: r-devel-linux-x86_64-debian-clang, r-devel-linux-x86_64-debian-gcc, r-devel-linux-x86_64-fedora-clang, r-devel-linux-x86_64-fedora-gcc, r-patched-linux-x86_64, r-patched-solaris-x86, r-release-linux-x86_64

Version: 1.0-1
Check: compiled code
Result: NOTE
    File ‘BCBCSF/libs/BCBCSF.so’:
     Found no calls to: ‘R_registerRoutines’, ‘R_useDynamicSymbols’
    
    It is good practice to register native routines and to disable symbol
    search.
    
    See ‘Writing portable packages’ in the ‘Writing R Extensions’ manual.
Flavors: r-devel-linux-x86_64-fedora-clang, r-devel-linux-x86_64-fedora-gcc