CRAN Package Check Results for Package BCEA

Last updated on 2019-09-15 08:47:12 CEST.

Flavor Version Tinstall Tcheck Ttotal Status Flags
r-devel-linux-x86_64-debian-clang 2.3-1.1 9.34 77.57 86.91 NOTE
r-devel-linux-x86_64-debian-gcc 2.3-1.1 6.87 57.71 64.58 NOTE
r-devel-linux-x86_64-fedora-clang 2.3-1.1 100.20 OK
r-devel-linux-x86_64-fedora-gcc 2.3-1.1 102.38 OK
r-devel-windows-ix86+x86_64 2.3-1.1 24.00 109.00 133.00 OK
r-patched-linux-x86_64 2.3-1.1 7.52 72.73 80.25 NOTE
r-patched-solaris-x86 2.3-1.1 134.20 NOTE
r-release-linux-x86_64 2.3-1.1 7.90 74.43 82.33 NOTE
r-release-windows-ix86+x86_64 2.3-1.1 14.00 78.00 92.00 OK
r-release-osx-x86_64 2.3-1.1 NOTE
r-oldrel-windows-ix86+x86_64 2.3-1.1 15.00 109.00 124.00 OK
r-oldrel-osx-x86_64 2.3-1.1 NOTE

Check Details

Version: 2.3-1.1
Check: package dependencies
Result: NOTE
    Package suggested but not available for checking: 'INLA'
Flavors: r-devel-linux-x86_64-debian-clang, r-devel-linux-x86_64-debian-gcc, r-patched-linux-x86_64, r-patched-solaris-x86, r-release-linux-x86_64, r-release-osx-x86_64, r-oldrel-osx-x86_64