CRAN Package Check Results for Package BCEA

Last updated on 2020-01-27 03:46:18 CET.

Flavor Version Tinstall Tcheck Ttotal Status Flags
r-devel-linux-x86_64-debian-clang 2.3-1.1 9.61 84.75 94.36 NOTE
r-devel-linux-x86_64-debian-gcc 2.3-1.1 8.63 61.53 70.16 NOTE
r-devel-linux-x86_64-fedora-clang 2.3-1.1 109.50 OK
r-devel-linux-x86_64-fedora-gcc 2.3-1.1 106.65 OK
r-devel-windows-ix86+x86_64 2.3-1.1 25.00 123.00 148.00 OK
r-devel-windows-ix86+x86_64-gcc8 2.3-1.1 21.00 118.00 139.00 OK
r-patched-linux-x86_64 2.3-1.1 7.73 75.16 82.89 NOTE
r-patched-solaris-x86 2.3-1.1 135.20 NOTE
r-release-linux-x86_64 2.3-1.1 7.56 73.64 81.20 NOTE
r-release-windows-ix86+x86_64 2.3-1.1 12.00 84.00 96.00 OK
r-release-osx-x86_64 2.3-1.1 NOTE
r-oldrel-windows-ix86+x86_64 2.3-1.1 10.00 71.00 81.00 OK
r-oldrel-osx-x86_64 2.3-1.1 NOTE

Check Details

Version: 2.3-1.1
Check: package dependencies
Result: NOTE
    Package suggested but not available for checking: 'INLA'
Flavors: r-devel-linux-x86_64-debian-clang, r-devel-linux-x86_64-debian-gcc, r-patched-linux-x86_64, r-patched-solaris-x86, r-release-linux-x86_64, r-release-osx-x86_64, r-oldrel-osx-x86_64