Last updated on 2021-01-23 20:46:43 CET.
Flavor | Version | Tinstall | Tcheck | Ttotal | Status | Flags |
---|---|---|---|---|---|---|
r-devel-linux-x86_64-debian-clang | 1.00 | 2.69 | 50.18 | 52.87 | OK | |
r-devel-linux-x86_64-debian-gcc | 1.00 | 2.77 | 38.53 | 41.30 | OK | |
r-devel-linux-x86_64-fedora-clang | 1.00 | 76.01 | NOTE | |||
r-devel-linux-x86_64-fedora-gcc | 1.00 | 70.89 | NOTE | |||
r-devel-windows-ix86+x86_64 | 1.00 | 8.00 | 72.00 | 80.00 | OK | |
r-patched-linux-x86_64 | 1.00 | 3.49 | 50.08 | 53.57 | OK | |
r-patched-solaris-x86 | 1.00 | 124.20 | NOTE | |||
r-release-linux-x86_64 | 1.00 | 3.33 | 48.62 | 51.95 | OK | |
r-release-macos-x86_64 | 1.00 | NOTE | ||||
r-release-windows-ix86+x86_64 | 1.00 | 5.00 | 72.00 | 77.00 | OK | |
r-oldrel-macos-x86_64 | 1.00 | NOTE | ||||
r-oldrel-windows-ix86+x86_64 | 1.00 | 4.00 | 59.00 | 63.00 | OK |
Version: 1.00
Check: dependencies in R code
Result: NOTE
Namespaces in Imports field not imported from:
‘coda’ ‘knitr’ ‘plyr’
All declared Imports should be used.
Flavors: r-devel-linux-x86_64-fedora-clang, r-devel-linux-x86_64-fedora-gcc, r-patched-solaris-x86, r-release-macos-x86_64, r-oldrel-macos-x86_64