CRAN Package Check Results for Package BCSub

Last updated on 2022-08-08 01:52:35 CEST.

Flavor Version Tinstall Tcheck Ttotal Status Flags
r-devel-linux-x86_64-debian-clang 0.5 36.73 69.82 106.55 NOTE
r-devel-linux-x86_64-debian-gcc 0.5 32.01 52.71 84.72 NOTE
r-devel-linux-x86_64-fedora-clang 0.5 156.63 NOTE
r-devel-linux-x86_64-fedora-gcc 0.5 148.24 NOTE
r-devel-windows-x86_64 0.5 35.00 123.00 158.00 NOTE
r-patched-linux-x86_64 0.5 29.47 67.10 96.57 NOTE
r-release-linux-x86_64 0.5 36.55 66.89 103.44 NOTE
r-release-macos-arm64 0.5 49.00 NOTE
r-release-macos-x86_64 0.5 57.00 NOTE
r-release-windows-x86_64 0.5 34.00 123.00 157.00 NOTE
r-oldrel-macos-arm64 0.5 58.00 NOTE
r-oldrel-macos-x86_64 0.5 82.00 NOTE
r-oldrel-windows-ix86+x86_64 0.5 94.00 113.00 207.00 NOTE

Check Details

Version: 0.5
Check: LazyData
Result: NOTE
     'LazyData' is specified without a 'data' directory
Flavors: r-devel-linux-x86_64-debian-clang, r-devel-linux-x86_64-debian-gcc, r-devel-linux-x86_64-fedora-clang, r-devel-linux-x86_64-fedora-gcc, r-devel-windows-x86_64, r-patched-linux-x86_64, r-release-linux-x86_64, r-release-macos-arm64, r-release-macos-x86_64, r-release-windows-x86_64, r-oldrel-macos-arm64, r-oldrel-macos-x86_64, r-oldrel-windows-ix86+x86_64