CRAN Package Check Results for Package BClustLonG

Last updated on 2018-08-21 12:50:19 CEST.

Flavor Version Tinstall Tcheck Ttotal Status Flags
r-devel-linux-x86_64-debian-clang 0.1.2 35.20 145.56 180.76 OK
r-devel-linux-x86_64-debian-gcc 0.1.2 32.59 113.23 145.82 OK
r-devel-linux-x86_64-fedora-clang 0.1.2 224.41 OK
r-devel-linux-x86_64-fedora-gcc 0.1.2 219.21 OK
r-devel-windows-ix86+x86_64 0.1.2 81.00 238.00 319.00 OK
r-patched-linux-x86_64 0.1.2 34.62 131.41 166.03 OK
r-patched-solaris-x86 0.1.2 277.00 OK
r-release-linux-x86_64 0.1.2 36.56 130.12 166.68 OK
r-release-windows-ix86+x86_64 0.1.2 82.00 233.00 315.00 OK
r-release-osx-x86_64 0.1.2 OK
r-oldrel-windows-ix86+x86_64 0.1.2 53.00 4.00 57.00 ERROR
r-oldrel-osx-x86_64 0.1.2 OK

Check Details

Version: 0.1.2
Check: whether package can be installed
Result: ERROR
    Installation failed.
Flavor: r-oldrel-windows-ix86+x86_64