CRAN Package Check Results for Package BClustLonG

Last updated on 2019-02-16 13:46:10 CET.

Flavor Version Tinstall Tcheck Ttotal Status Flags
r-devel-linux-x86_64-debian-clang 0.1.2 38.02 140.03 178.05 WARN
r-devel-linux-x86_64-debian-gcc 0.1.2 27.60 105.47 133.07 OK
r-devel-linux-x86_64-fedora-clang 0.1.2 225.06 WARN
r-devel-linux-x86_64-fedora-gcc 0.1.2 207.38 OK
r-devel-windows-ix86+x86_64 0.1.2 84.00 231.00 315.00 OK
r-patched-linux-x86_64 0.1.2 30.19 132.72 162.91 OK
r-patched-solaris-x86 0.1.2 270.40 OK
r-release-linux-x86_64 0.1.2 OK
r-release-windows-ix86+x86_64 0.1.2 60.00 161.00 221.00 OK
r-release-osx-x86_64 0.1.2 OK
r-oldrel-windows-ix86+x86_64 0.1.2 89.00 321.00 410.00 OK
r-oldrel-osx-x86_64 0.1.2 OK

Check Details

Version: 0.1.2
Check: whether package can be installed
Result: WARN
    Found the following significant warnings:
     sparseFactor.cpp:33:10: warning: explicitly assigning value of variable of type 'Rcpp::IntegerVector' (aka 'Vector<13>') to itself [-Wself-assign-overloaded]
Flavors: r-devel-linux-x86_64-debian-clang, r-devel-linux-x86_64-fedora-clang