CRAN Package Check Results for Package BClustLonG

Last updated on 2018-11-17 13:47:20 CET.

Flavor Version Tinstall Tcheck Ttotal Status Flags
r-devel-linux-x86_64-debian-clang 0.1.2 36.71 131.51 168.22 WARN
r-devel-linux-x86_64-debian-gcc 0.1.2 29.54 106.22 135.76 OK
r-devel-linux-x86_64-fedora-clang 0.1.2 224.59 WARN
r-devel-linux-x86_64-fedora-gcc 0.1.2 222.03 OK
r-devel-windows-ix86+x86_64 0.1.2 82.00 243.00 325.00 OK
r-patched-linux-x86_64 0.1.2 35.43 128.97 164.40 OK
r-patched-solaris-x86 0.1.2 277.40 OK
r-release-linux-x86_64 0.1.2 33.99 130.07 164.06 OK
r-release-windows-ix86+x86_64 0.1.2 75.00 7.00 82.00 OK
r-release-osx-x86_64 0.1.2 OK
r-oldrel-windows-ix86+x86_64 0.1.2 84.00 244.00 328.00 OK
r-oldrel-osx-x86_64 0.1.2 OK

Check Details

Version: 0.1.2
Check: whether package can be installed
Result: WARN
    Found the following significant warnings:
     sparseFactor.cpp:33:10: warning: explicitly assigning value of variable of type 'Rcpp::IntegerVector' (aka 'Vector<13>') to itself [-Wself-assign-overloaded]
Flavors: r-devel-linux-x86_64-debian-clang, r-devel-linux-x86_64-fedora-clang