CRAN Package Check Results for Package BClustLonG

Last updated on 2019-09-18 14:47:43 CEST.

Flavor Version Tinstall Tcheck Ttotal Status Flags
r-devel-linux-x86_64-debian-clang 0.1.2 33.58 137.94 171.52 WARN
r-devel-linux-x86_64-debian-gcc 0.1.2 32.17 106.29 138.46 OK
r-devel-linux-x86_64-fedora-clang 0.1.2 220.23 WARN
r-devel-linux-x86_64-fedora-gcc 0.1.2 213.94 OK
r-devel-windows-ix86+x86_64 0.1.2 100.00 241.00 341.00 OK
r-patched-linux-x86_64 0.1.2 35.10 137.22 172.32 OK
r-patched-solaris-x86 0.1.2 280.50 OK
r-release-linux-x86_64 0.1.2 33.87 134.65 168.52 OK
r-release-windows-ix86+x86_64 0.1.2 62.00 162.00 224.00 OK
r-release-osx-x86_64 0.1.2 WARN
r-oldrel-windows-ix86+x86_64 0.1.2 60.00 254.00 314.00 OK
r-oldrel-osx-x86_64 0.1.2 OK

Check Details

Version: 0.1.2
Check: whether package can be installed
Result: WARN
    Found the following significant warnings:
     sparseFactor.cpp:33:10: warning: explicitly assigning value of variable of type 'Rcpp::IntegerVector' (aka 'Vector<13>') to itself [-Wself-assign-overloaded]
Flavors: r-devel-linux-x86_64-debian-clang, r-devel-linux-x86_64-fedora-clang, r-release-osx-x86_64