CRAN Package Check Results for Package BClustLonG

Last updated on 2018-02-18 04:46:18 CET.

Flavor Version Tinstall Tcheck Ttotal Status Flags
r-devel-linux-x86_64-debian-clang 0.1.2 29.23 139.88 169.11 OK
r-devel-linux-x86_64-debian-gcc 0.1.2 24.61 103.55 128.16 OK
r-devel-linux-x86_64-fedora-clang 0.1.2 202.35 OK
r-devel-linux-x86_64-fedora-gcc 0.1.2 197.11 OK
r-devel-windows-ix86+x86_64 0.1.2 54.00 152.00 206.00 OK
r-patched-linux-x86_64 0.1.2 30.00 147.84 177.84 OK
r-patched-solaris-x86 0.1.2 279.60 OK
r-release-linux-x86_64 0.1.2 28.95 150.00 178.95 OK
r-release-windows-ix86+x86_64 0.1.2 76.00 247.00 323.00 OK
r-release-osx-x86_64 0.1.2 OK
r-oldrel-osx-x86_64 0.1.2 ERROR

Check Details

Version: 0.1.2
Check: whether package can be installed
Result: ERROR
    Installation failed.
Flavor: r-oldrel-osx-x86_64