CRAN Package Check Results for Package BClustLonG

Last updated on 2020-02-19 20:48:14 CET.

Flavor Version Tinstall Tcheck Ttotal Status Flags
r-devel-linux-x86_64-debian-clang 0.1.2 47.27 158.40 205.67 WARN
r-devel-linux-x86_64-debian-gcc 0.1.2 33.10 116.58 149.68 OK
r-devel-linux-x86_64-fedora-clang 0.1.2 242.15 WARN
r-devel-linux-x86_64-fedora-gcc 0.1.2 233.61 OK
r-devel-windows-ix86+x86_64 0.1.2 63.00 185.00 248.00 OK
r-devel-windows-ix86+x86_64-gcc8 0.1.2 110.00 248.00 358.00 OK
r-patched-linux-x86_64 0.1.2 36.90 136.25 173.15 OK
r-patched-solaris-x86 0.1.2 292.80 OK
r-release-linux-x86_64 0.1.2 36.22 135.93 172.15 OK
r-release-windows-ix86+x86_64 0.1.2 82.00 161.00 243.00 OK
r-release-osx-x86_64 0.1.2 WARN
r-oldrel-windows-ix86+x86_64 0.1.2 59.00 166.00 225.00 OK
r-oldrel-osx-x86_64 0.1.2 OK

Check Details

Version: 0.1.2
Check: whether package can be installed
Result: WARN
    Found the following significant warnings:
     sparseFactor.cpp:33:10: warning: explicitly assigning value of variable of type 'Rcpp::IntegerVector' (aka 'Vector<13>') to itself [-Wself-assign-overloaded]
Flavors: r-devel-linux-x86_64-debian-clang, r-devel-linux-x86_64-fedora-clang, r-release-osx-x86_64