CRAN Package Check Results for Package BDgraph

Last updated on 2019-02-22 21:57:33 CET.

Flavor Version Tinstall Tcheck Ttotal Status Flags
r-devel-linux-x86_64-debian-clang 2.55 37.86 59.44 97.30 OK
r-devel-linux-x86_64-debian-gcc 2.55 39.07 47.41 86.48 OK
r-devel-linux-x86_64-fedora-clang 2.55 144.28 NOTE
r-devel-linux-x86_64-fedora-gcc 2.55 130.95 OK
r-devel-windows-ix86+x86_64 2.55 125.00 105.00 230.00 OK
r-patched-linux-x86_64 2.55 47.41 53.72 101.13 OK
r-patched-solaris-x86 2.55 154.40 OK
r-release-linux-x86_64 2.55 OK
r-release-windows-ix86+x86_64 2.55 123.00 107.00 230.00 OK
r-release-osx-x86_64 2.55 NOTE
r-oldrel-windows-ix86+x86_64 2.55 95.00 100.00 195.00 OK
r-oldrel-osx-x86_64 2.55 NOTE

Check Details

Version: 2.55
Check: installed package size
Result: NOTE
     installed size is 6.7Mb
     sub-directories of 1Mb or more:
     doc 2.4Mb
     libs 3.8Mb
Flavors: r-devel-linux-x86_64-fedora-clang, r-release-osx-x86_64, r-oldrel-osx-x86_64