CRAN Package Check Results for Package BDgraph

Last updated on 2018-10-24 03:55:12 CEST.

Flavor Version Tinstall Tcheck Ttotal Status Flags
r-devel-linux-x86_64-debian-clang 2.52 46.82 55.58 102.40 OK
r-devel-linux-x86_64-debian-gcc 2.52 44.46 43.76 88.22 OK
r-devel-linux-x86_64-fedora-clang 2.52 136.22 NOTE
r-devel-linux-x86_64-fedora-gcc 2.52 129.53 OK
r-devel-windows-ix86+x86_64 2.52 121.00 97.00 218.00 OK
r-patched-linux-x86_64 2.52 58.21 52.34 110.55 OK
r-patched-solaris-x86 2.52 127.00 OK
r-release-linux-x86_64 2.52 48.78 52.75 101.53 OK
r-release-windows-ix86+x86_64 2.52 121.00 74.00 195.00 OK
r-release-osx-x86_64 2.52 NOTE
r-oldrel-windows-ix86+x86_64 2.52 97.00 93.00 190.00 OK
r-oldrel-osx-x86_64 2.52 NOTE

Check Details

Version: 2.52
Check: installed package size
Result: NOTE
     installed size is 6.4Mb
     sub-directories of 1Mb or more:
     doc 2.4Mb
     libs 3.5Mb
Flavors: r-devel-linux-x86_64-fedora-clang, r-release-osx-x86_64, r-oldrel-osx-x86_64