CRAN Package Check Results for Package BDgraph

Last updated on 2018-08-18 12:49:56 CEST.

Flavor Version Tinstall Tcheck Ttotal Status Flags
r-devel-linux-x86_64-debian-clang 2.51 38.76 85.42 124.18 OK
r-devel-linux-x86_64-debian-gcc 2.51 47.31 66.74 114.05 OK
r-devel-linux-x86_64-fedora-clang 2.51 163.76 NOTE
r-devel-linux-x86_64-fedora-gcc 2.51 170.06 OK
r-devel-windows-ix86+x86_64 2.51 137.00 142.00 279.00 OK
r-patched-linux-x86_64 2.51 53.71 73.96 127.67 OK
r-patched-solaris-x86 2.51 182.60 OK
r-release-linux-x86_64 2.51 52.15 74.57 126.72 OK
r-release-windows-ix86+x86_64 2.51 137.00 147.00 284.00 OK
r-release-osx-x86_64 2.51 NOTE
r-oldrel-windows-ix86+x86_64 2.51 102.00 107.00 209.00 OK
r-oldrel-osx-x86_64 2.51 OK

Check Details

Version: 2.51
Check: installed package size
Result: NOTE
     installed size is 5.2Mb
     sub-directories of 1Mb or more:
     doc 1.6Mb
     libs 3.2Mb
Flavors: r-devel-linux-x86_64-fedora-clang, r-release-osx-x86_64