CRAN Package Check Results for Package BDgraph

Last updated on 2018-05-27 17:48:48 CEST.

Flavor Version Tinstall Tcheck Ttotal Status Flags
r-devel-linux-x86_64-debian-clang 2.50 43.24 70.43 113.67 OK
r-devel-linux-x86_64-debian-gcc 2.50 39.69 56.95 96.64 OK
r-devel-linux-x86_64-fedora-clang 2.50 153.29 OK
r-devel-linux-x86_64-fedora-gcc 2.50 147.80 NOTE
r-devel-windows-ix86+x86_64 2.50 97.00 146.00 243.00 OK
r-patched-linux-x86_64 2.50 44.39 61.88 106.27 OK
r-patched-solaris-x86 2.50 177.20 OK
r-release-linux-x86_64 2.50 45.58 60.96 106.54 OK
r-release-windows-ix86+x86_64 2.50 98.00 129.00 227.00 OK
r-release-osx-x86_64 2.50 OK
r-oldrel-windows-ix86+x86_64 2.50 130.00 120.00 250.00 OK
r-oldrel-osx-x86_64 2.46 OK

Check Details

Version: 2.50
Check: installed package size
Result: NOTE
     installed size is 5.4Mb
     sub-directories of 1Mb or more:
     libs 5.0Mb
Flavor: r-devel-linux-x86_64-fedora-gcc