CRAN Package Check Results for Package BEQI2

Last updated on 2018-11-18 10:49:51 CET.

Flavor Version Tinstall Tcheck Ttotal Status Flags
r-devel-linux-x86_64-debian-clang 2.0-0 3.17 41.10 44.27 NOTE
r-devel-linux-x86_64-debian-gcc 2.0-0 2.33 33.81 36.14 NOTE
r-devel-linux-x86_64-fedora-clang 2.0-0 53.93 NOTE
r-devel-linux-x86_64-fedora-gcc 2.0-0 59.18 NOTE
r-devel-windows-ix86+x86_64 2.0-0 7.00 93.00 100.00 NOTE
r-patched-linux-x86_64 2.0-0 3.07 39.28 42.35 NOTE
r-patched-solaris-x86 2.0-0 81.70 NOTE
r-release-linux-x86_64 2.0-0 3.19 39.52 42.71 NOTE
r-release-windows-ix86+x86_64 2.0-0 8.00 118.00 126.00 NOTE
r-release-osx-x86_64 2.0-0 NOTE
r-oldrel-windows-ix86+x86_64 2.0-0 7.00 66.00 73.00 NOTE
r-oldrel-osx-x86_64 2.0-0 WARN

Check Details

Version: 2.0-0
Check: R code for possible problems
Result: NOTE
    beqi2: no visible global function definition for ‘na.omit’
    beqi2: no visible global function definition for ‘browseURL’
    readAMBI: no visible global function definition for ‘read.csv’
    readBEQI: no visible global function definition for ‘read.csv’
    readERF: no visible global function definition for ‘read.csv’
    readTWN: no visible global function definition for ‘read.csv’
    read_ITI_FIBI: no visible global function definition for ‘read.csv’
    Undefined global functions or variables:
     browseURL na.omit read.csv
    Consider adding
     importFrom("stats", "na.omit")
     importFrom("utils", "browseURL", "read.csv")
    to your NAMESPACE file.
Flavors: r-devel-linux-x86_64-debian-clang, r-devel-linux-x86_64-debian-gcc, r-devel-linux-x86_64-fedora-clang, r-devel-linux-x86_64-fedora-gcc, r-devel-windows-ix86+x86_64, r-patched-linux-x86_64, r-patched-solaris-x86, r-release-linux-x86_64, r-release-windows-ix86+x86_64, r-release-osx-x86_64, r-oldrel-windows-ix86+x86_64, r-oldrel-osx-x86_64

Version: 2.0-0
Check: re-building of vignette outputs
Result: WARN
    Error in re-building vignettes:
     ...
    Warning: running command 'kpsewhich framed.sty' had status 1
    Warning in test_latex_pkg("framed", system.file("misc", "framed.sty", package = "knitr")) :
     unable to find LaTeX package 'framed'; will use a copy from knitr
    For more information on the usage of the BEQI2 tool, type: vignette("BEQI2")
    Number of duplicated records: 1
    These will be removed
    Error in texi2dvi(file = file, pdf = TRUE, clean = clean, quiet = quiet, :
     Running 'texi2dvi' on 'BEQI2.tex' failed.
    LaTeX errors:
    ! LaTeX Error: File `sectsty.sty' not found.
    
    Type X to quit or <RETURN> to proceed,
    or enter new name. (Default extension: sty)
    
    ! Emergency stop.
    <read *>
    
    l.74 \allsectionsfont
     {\sffamily}^^M
    ! ==> Fatal error occurred, no output PDF file produced!
    Calls: buildVignettes -> texi2pdf -> texi2dvi
    Execution halted
Flavor: r-oldrel-osx-x86_64