CRAN Package Check Results for Package BETS

Last updated on 2022-06-30 12:55:05 CEST.

Flavor Version Tinstall Tcheck Ttotal Status Flags
r-devel-linux-x86_64-debian-clang 0.4.9 20.81 159.05 179.86 NOTE
r-devel-linux-x86_64-debian-gcc 0.4.9 18.29 115.19 133.48 NOTE
r-devel-linux-x86_64-fedora-clang 0.4.9 225.67 NOTE
r-devel-linux-x86_64-fedora-gcc 0.4.9 215.07 NOTE
r-devel-windows-x86_64 0.4.9 52.00 181.00 233.00 NOTE
r-patched-linux-x86_64 0.4.9 21.31 146.81 168.12 NOTE
r-release-linux-x86_64 0.4.9 17.86 146.77 164.63 NOTE
r-release-macos-arm64 0.4.9 54.00 NOTE
r-release-macos-x86_64 0.4.9 100.00 NOTE
r-release-windows-x86_64 0.4.9 51.00 188.00 239.00 NOTE
r-oldrel-macos-arm64 0.4.9 54.00 NOTE
r-oldrel-macos-x86_64 0.4.9 77.00 NOTE
r-oldrel-windows-ix86+x86_64 0.4.9 47.00 184.00 231.00 NOTE

Check Details

Version: 0.4.9
Check: LazyData
Result: NOTE
     'LazyData' is specified without a 'data' directory
Flavors: r-devel-linux-x86_64-debian-clang, r-devel-linux-x86_64-debian-gcc, r-devel-linux-x86_64-fedora-clang, r-devel-linux-x86_64-fedora-gcc, r-devel-windows-x86_64, r-patched-linux-x86_64, r-release-linux-x86_64, r-release-macos-arm64, r-release-macos-x86_64, r-release-windows-x86_64, r-oldrel-macos-arm64, r-oldrel-macos-x86_64, r-oldrel-windows-ix86+x86_64

Version: 0.4.9
Check: package dependencies
Result: NOTE
    Imports includes 27 non-default packages.
    Importing from so many packages makes the package vulnerable to any of
    them becoming unavailable. Move as many as possible to Suggests and
    use conditionally.
Flavor: r-devel-linux-x86_64-fedora-clang