CRAN Package Check Results for Package BETS

Last updated on 2018-08-16 12:50:02 CEST.

Flavor Version Tinstall Tcheck Ttotal Status Flags
r-devel-linux-x86_64-debian-clang 0.4.4 10.40 107.24 117.64 NOTE
r-devel-linux-x86_64-debian-gcc 0.4.4 8.84 83.76 92.60 NOTE
r-devel-linux-x86_64-fedora-clang 0.4.4 138.80 NOTE
r-devel-linux-x86_64-fedora-gcc 0.4.4 139.13 NOTE
r-devel-windows-ix86+x86_64 0.4.4 36.00 172.00 208.00 OK
r-patched-linux-x86_64 0.4.4 10.65 93.75 104.40 NOTE
r-patched-solaris-x86 0.4.4 186.60 NOTE
r-release-linux-x86_64 0.4.4 10.14 92.74 102.88 NOTE
r-release-windows-ix86+x86_64 0.4.4 36.00 157.00 193.00 OK
r-release-osx-x86_64 0.4.4 OK
r-oldrel-windows-ix86+x86_64 0.4.4 29.00 172.00 201.00 OK
r-oldrel-osx-x86_64 0.4.4 OK

Check Details

Version: 0.4.4
Check: package dependencies
Result: NOTE
    Package suggested but not available for checking: ‘mFilter’
Flavors: r-devel-linux-x86_64-debian-clang, r-devel-linux-x86_64-debian-gcc, r-devel-linux-x86_64-fedora-clang, r-devel-linux-x86_64-fedora-gcc, r-patched-linux-x86_64, r-patched-solaris-x86, r-release-linux-x86_64