CRAN Package Check Results for Package BETS

Last updated on 2018-05-26 21:46:22 CEST.

Flavor Version Tinstall Tcheck Ttotal Status Flags
r-devel-linux-x86_64-debian-clang 0.4.2 11.63 103.53 115.16 OK
r-devel-linux-x86_64-debian-gcc 0.4.2 10.38 81.15 91.53 OK
r-devel-linux-x86_64-fedora-clang 0.4.2 131.12 NOTE
r-devel-linux-x86_64-fedora-gcc 0.4.2 138.35 NOTE
r-devel-windows-ix86+x86_64 0.4.2 37.00 177.00 214.00 OK
r-patched-linux-x86_64 0.4.2 9.50 93.52 103.02 OK
r-patched-solaris-x86 0.4.2 172.60 NOTE
r-release-linux-x86_64 0.4.2 11.04 91.87 102.91 OK
r-release-windows-ix86+x86_64 0.4.2 21.00 118.00 139.00 OK
r-release-osx-x86_64 0.4.2 NOTE
r-oldrel-windows-ix86+x86_64 0.3.6 24.00 99.00 123.00 OK
r-oldrel-osx-x86_64 0.3.6 OK

Check Details

Version: 0.4.2
Check: dependencies in R code
Result: NOTE
    Namespace in Imports field not imported from: ‘dplyr’
     All declared Imports should be used.
Flavors: r-devel-linux-x86_64-fedora-clang, r-devel-linux-x86_64-fedora-gcc, r-patched-solaris-x86, r-release-osx-x86_64