CRAN Package Check Results for Package BETS

Last updated on 2018-02-19 00:46:58 CET.

Flavor Version Tinstall Tcheck Ttotal Status Flags
r-devel-linux-x86_64-debian-clang 0.3.3 7.30 77.07 84.37 NOTE
r-devel-linux-x86_64-debian-gcc 0.3.3 6.87 68.25 75.12 NOTE
r-devel-linux-x86_64-fedora-clang 0.3.3 115.34 NOTE
r-devel-linux-x86_64-fedora-gcc 0.3.3 114.20 NOTE
r-devel-windows-ix86+x86_64 0.3.3 16.00 118.00 134.00 OK
r-patched-linux-x86_64 0.3.3 6.62 93.74 100.36 OK
r-patched-solaris-x86 0.3.3 154.70 OK
r-release-linux-x86_64 0.3.3 5.93 95.03 100.96 OK
r-release-windows-ix86+x86_64 0.3.3 28.00 154.00 182.00 OK
r-release-osx-x86_64 0.3.3 OK
r-oldrel-windows-ix86+x86_64 0.2.1 26.00 95.00 121.00 OK
r-oldrel-osx-x86_64 0.3.3 ERROR

Check Details

Version: 0.3.3
Check: DESCRIPTION meta-information
Result: NOTE
    Dependence on R version ‘3.4.1’ not with patchlevel 0
Flavors: r-devel-linux-x86_64-debian-clang, r-devel-linux-x86_64-debian-gcc, r-devel-linux-x86_64-fedora-clang, r-devel-linux-x86_64-fedora-gcc

Version: 0.3.3
Check: whether package can be installed
Result: ERROR
    Installation failed.
Flavor: r-oldrel-osx-x86_64