Last updated on 2023-01-29 12:55:23 CET.
Flavor | Version | Tinstall | Tcheck | Ttotal | Status | Flags |
---|---|---|---|---|---|---|
r-devel-linux-x86_64-debian-clang | 0.6.5 | 2.81 | 32.03 | 34.84 | NOTE | |
r-devel-linux-x86_64-debian-gcc | 0.6.5 | 1.81 | 24.89 | 26.70 | NOTE | |
r-devel-linux-x86_64-fedora-clang | 0.6.5 | 48.30 | NOTE | |||
r-devel-linux-x86_64-fedora-gcc | 0.6.5 | 43.70 | NOTE | |||
r-devel-windows-x86_64 | 0.6.5 | 10.00 | 61.00 | 71.00 | NOTE | |
r-patched-linux-x86_64 | 0.6.5 | 2.60 | 31.33 | 33.93 | NOTE | |
r-release-linux-x86_64 | 0.6.5 | 2.51 | 31.46 | 33.97 | NOTE | |
r-release-macos-arm64 | 0.6.5 | 19.00 | NOTE | |||
r-release-macos-x86_64 | 0.6.5 | 26.00 | NOTE | |||
r-release-windows-x86_64 | 0.6.5 | 10.00 | 62.00 | 72.00 | NOTE | |
r-oldrel-macos-arm64 | 0.6.5 | 24.00 | NOTE | |||
r-oldrel-macos-x86_64 | 0.6.5 | 35.00 | NOTE | |||
r-oldrel-windows-ix86+x86_64 | 0.6.5 | 5.00 | 55.00 | 60.00 | NOTE |
Version: 0.6.5
Check: LazyData
Result: NOTE
'LazyData' is specified without a 'data' directory
Flavors: r-devel-linux-x86_64-debian-clang, r-devel-linux-x86_64-debian-gcc, r-devel-linux-x86_64-fedora-clang, r-devel-linux-x86_64-fedora-gcc, r-devel-windows-x86_64, r-patched-linux-x86_64, r-release-linux-x86_64, r-release-macos-arm64, r-release-macos-x86_64, r-release-windows-x86_64, r-oldrel-macos-arm64, r-oldrel-macos-x86_64, r-oldrel-windows-ix86+x86_64