Last updated on 2021-01-26 18:50:37 CET.
Flavor | Version | Tinstall | Tcheck | Ttotal | Status | Flags |
---|---|---|---|---|---|---|
r-devel-linux-x86_64-debian-clang | 2.1.5 | 115.43 | 261.20 | 376.63 | OK | |
r-devel-linux-x86_64-debian-gcc | 2.1.5 | 84.10 | 187.87 | 271.97 | OK | |
r-devel-linux-x86_64-fedora-clang | 2.1.5 | 467.20 | NOTE | |||
r-devel-linux-x86_64-fedora-gcc | 2.1.5 | 489.17 | OK | |||
r-devel-windows-ix86+x86_64 | 2.1.5 | 254.00 | 418.00 | 672.00 | NOTE | |
r-patched-linux-x86_64 | 2.1.5 | 101.29 | 242.08 | 343.37 | OK | |
r-patched-solaris-x86 | 2.1.5 | 513.40 | NOTE | |||
r-release-linux-x86_64 | 2.1.5 | 98.52 | 244.51 | 343.03 | OK | |
r-release-macos-x86_64 | 2.1.5 | NOTE | ||||
r-release-windows-ix86+x86_64 | 2.1.5 | 247.00 | 288.00 | 535.00 | NOTE | |
r-oldrel-macos-x86_64 | 2.1.5 | NOTE | ||||
r-oldrel-windows-ix86+x86_64 | 2.1.5 | 178.00 | 338.00 | 516.00 | NOTE |
Version: 2.1.5
Check: installed package size
Result: NOTE
installed size is 10.3Mb
sub-directories of 1Mb or more:
doc 3.3Mb
libs 5.6Mb
Flavors: r-devel-linux-x86_64-fedora-clang, r-devel-windows-ix86+x86_64, r-patched-solaris-x86, r-release-macos-x86_64, r-release-windows-ix86+x86_64, r-oldrel-macos-x86_64, r-oldrel-windows-ix86+x86_64