CRAN Package Check Results for Package BHMSMAfMRI

Last updated on 2018-11-14 18:47:43 CET.

Flavor Version Tinstall Tcheck Ttotal Status Flags
r-devel-linux-x86_64-debian-clang 1.1 8.58 92.45 101.03 OK
r-devel-linux-x86_64-debian-gcc 1.1 7.11 73.14 80.25 OK
r-devel-linux-x86_64-fedora-clang 1.1 121.16 OK
r-devel-linux-x86_64-fedora-gcc 1.1 120.82 OK
r-devel-windows-ix86+x86_64 1.1 10.00 94.00 104.00 OK
r-patched-linux-x86_64 1.1 7.75 80.56 88.31 OK
r-patched-solaris-x86 1.1 162.70 OK
r-release-linux-x86_64 1.1 5.99 80.47 86.46 OK
r-release-windows-ix86+x86_64 1.1 20.00 90.00 110.00 OK
r-release-osx-x86_64 1.1 OK
r-oldrel-windows-ix86+x86_64 1.1 20.00 87.00 107.00 OK
r-oldrel-osx-x86_64 1.1 WARN

Check Details

Version: 1.1
Check: re-building of vignette outputs
Result: WARN
    Error in re-building vignettes:
     ...
    Warning: running command 'kpsewhich framed.sty' had status 1
    Warning in test_latex_pkg("framed", system.file("misc", "framed.sty", package = "knitr")) :
     unable to find LaTeX package 'framed'; will use a copy from knitr
    Error in texi2dvi(file = file, pdf = TRUE, clean = clean, quiet = quiet, :
     Running 'texi2dvi' on 'BHMSMAfMRIvignette.tex' failed.
    LaTeX errors:
    ! LaTeX Error: File `multirow.sty' not found.
    
    Type X to quit or <RETURN> to proceed,
    or enter new name. (Default extension: sty)
    
    ! Emergency stop.
    <read *>
    
    l.70 \usepackage
     {latexsym}^^M
    ! ==> Fatal error occurred, no output PDF file produced!
    Calls: buildVignettes -> texi2pdf -> texi2dvi
    Execution halted
Flavor: r-oldrel-osx-x86_64