Last updated on 2022-05-24 21:51:37 CEST.
Flavor | Version | Tinstall | Tcheck | Ttotal | Status | Flags |
---|---|---|---|---|---|---|
r-devel-linux-x86_64-debian-clang | 3.0.1 | 55.56 | 70.73 | 126.29 | WARN | |
r-devel-linux-x86_64-debian-gcc | 3.0.1 | 46.21 | 53.67 | 99.88 | OK | |
r-devel-linux-x86_64-fedora-clang | 3.0.1 | 168.61 | WARN | |||
r-devel-linux-x86_64-fedora-gcc | 3.0.1 | 166.36 | OK | |||
r-devel-windows-x86_64 | 3.0.1 | 52.00 | 134.00 | 186.00 | OK | |
r-patched-linux-x86_64 | 3.0.1 | 46.19 | 67.86 | 114.05 | OK | |
r-release-linux-x86_64 | 3.0.1 | OK | ||||
r-release-macos-arm64 | 3.0.1 | 62.00 | NOTE | |||
r-release-macos-x86_64 | 3.0.1 | 78.00 | NOTE | |||
r-release-windows-x86_64 | 3.0.1 | 56.00 | 134.00 | 190.00 | OK | |
r-oldrel-macos-arm64 | 3.0.1 | 72.00 | NOTE | |||
r-oldrel-macos-x86_64 | 3.0.1 | 79.00 | NOTE | |||
r-oldrel-windows-ix86+x86_64 | 3.0.1 | 117.00 | 147.00 | 264.00 | OK |
Version: 3.0.1
Check: whether package can be installed
Result: WARN
Found the following significant warnings:
BHSBVAR.cpp:236:71: warning: use of bitwise '&' with boolean operands [-Wbitwise-instead-of-logical]
BHSBVAR.cpp:236:23: warning: use of bitwise '&' with boolean operands [-Wbitwise-instead-of-logical]
BHSBVAR.cpp:246:72: warning: use of bitwise '&' with boolean operands [-Wbitwise-instead-of-logical]
BHSBVAR.cpp:246:23: warning: use of bitwise '&' with boolean operands [-Wbitwise-instead-of-logical]
BHSBVAR.cpp:256:97: warning: use of bitwise '&' with boolean operands [-Wbitwise-instead-of-logical]
BHSBVAR.cpp:256:122: warning: use of bitwise '|' with boolean operands [-Wbitwise-instead-of-logical]
BHSBVAR.cpp:256:23: warning: use of bitwise '&' with boolean operands [-Wbitwise-instead-of-logical]
BHSBVAR.cpp:256:47: warning: use of bitwise '|' with boolean operands [-Wbitwise-instead-of-logical]
BHSBVAR.cpp:284:68: warning: use of bitwise '&' with boolean operands [-Wbitwise-instead-of-logical]
BHSBVAR.cpp:284:20: warning: use of bitwise '&' with boolean operands [-Wbitwise-instead-of-logical]
BHSBVAR.cpp:289:69: warning: use of bitwise '&' with boolean operands [-Wbitwise-instead-of-logical]
BHSBVAR.cpp:289:20: warning: use of bitwise '&' with boolean operands [-Wbitwise-instead-of-logical]
BHSBVAR.cpp:294:94: warning: use of bitwise '&' with boolean operands [-Wbitwise-instead-of-logical]
BHSBVAR.cpp:294:119: warning: use of bitwise '|' with boolean operands [-Wbitwise-instead-of-logical]
BHSBVAR.cpp:294:20: warning: use of bitwise '&' with boolean operands [-Wbitwise-instead-of-logical]
BHSBVAR.cpp:294:44: warning: use of bitwise '|' with boolean operands [-Wbitwise-instead-of-logical]
Flavors: r-devel-linux-x86_64-debian-clang, r-devel-linux-x86_64-fedora-clang
Version: 3.0.1
Check: installed package size
Result: NOTE
installed size is 5.5Mb
sub-directories of 1Mb or more:
libs 4.9Mb
Flavors: r-release-macos-arm64, r-release-macos-x86_64, r-oldrel-macos-arm64, r-oldrel-macos-x86_64