Last updated on 2023-06-08 15:58:35 CEST.
Flavor | Version | Tinstall | Tcheck | Ttotal | Status | Flags |
---|---|---|---|---|---|---|
r-devel-linux-x86_64-debian-clang | 3.1.1 | 52.08 | 63.85 | 115.93 | NOTE | |
r-devel-linux-x86_64-debian-gcc | 3.1.1 | 40.26 | 48.01 | 88.27 | NOTE | |
r-devel-linux-x86_64-fedora-clang | 3.1.1 | 157.48 | NOTE | |||
r-devel-linux-x86_64-fedora-gcc | 3.1.1 | 173.04 | NOTE | |||
r-devel-windows-x86_64 | 3.1.1 | 41.00 | 118.00 | 159.00 | NOTE | |
r-patched-linux-x86_64 | 3.1.1 | 50.11 | 61.35 | 111.46 | NOTE | |
r-release-linux-x86_64 | 3.1.1 | 41.65 | 60.43 | 102.08 | NOTE | |
r-release-macos-arm64 | 3.1.1 | 67.00 | NOTE | |||
r-release-macos-x86_64 | 3.1.1 | 103.00 | NOTE | |||
r-release-windows-x86_64 | 3.1.1 | 53.00 | 125.00 | 178.00 | NOTE | |
r-oldrel-macos-arm64 | 3.1.1 | 62.00 | NOTE | |||
r-oldrel-macos-x86_64 | 3.1.1 | 153.00 | NOTE | |||
r-oldrel-windows-x86_64 | 3.1.1 | 52.00 | 121.00 | 173.00 | OK |
Version: 3.1.1
Check: C++ specification
Result: NOTE
Specified C++11: please drop specification unless essential
Flavors: r-devel-linux-x86_64-debian-clang, r-devel-linux-x86_64-debian-gcc, r-devel-linux-x86_64-fedora-clang, r-devel-linux-x86_64-fedora-gcc, r-devel-windows-x86_64, r-patched-linux-x86_64, r-release-linux-x86_64, r-release-macos-arm64, r-release-macos-x86_64, r-release-windows-x86_64
Version: 3.1.1
Check: installed package size
Result: NOTE
installed size is 5.4Mb
sub-directories of 1Mb or more:
libs 4.8Mb
Flavors: r-release-macos-arm64, r-release-macos-x86_64, r-oldrel-macos-arm64, r-oldrel-macos-x86_64