CRAN Package Check Results for Package BHTSpack

Last updated on 2023-09-25 15:00:01 CEST.

Flavor Version Tinstall Tcheck Ttotal Status Flags
r-devel-linux-x86_64-debian-clang 0.6 6.23 88.19 94.42 NOTE
r-devel-linux-x86_64-debian-gcc 0.6 4.17 61.15 65.32 NOTE
r-devel-linux-x86_64-fedora-clang 0.6 115.05 NOTE
r-devel-linux-x86_64-fedora-gcc 0.6 126.09 NOTE
r-devel-windows-x86_64 0.6 9.00 114.00 123.00 NOTE
r-patched-linux-x86_64 0.6 5.06 85.16 90.22 OK
r-release-linux-x86_64 0.6 5.62 84.74 90.36 OK
r-release-macos-arm64 0.6 44.00 OK
r-release-macos-x86_64 0.6 72.00 OK
r-release-windows-x86_64 0.6 10.00 114.00 124.00 OK
r-oldrel-macos-arm64 0.6 39.00 OK
r-oldrel-macos-x86_64 0.6 50.00 OK
r-oldrel-windows-x86_64 0.6 8.00 114.00 122.00 OK

Check Details

Version: 0.6
Check: Rd contents
Result: NOTE
    Argument items with no description in Rd object 'h.pr.u':
     ‘z’ ‘ih’ ‘mu’ ‘sigma’ ‘pk’ ‘K’ ‘H’ ‘n’
    Argument items with no description in Rd object 'hatpai.u':
     ‘z’ ‘hk1’ ‘hk0’ ‘ph1’ ‘ph0’ ‘sigma1’ ‘sigma0’ ‘mu1’ ‘mu0’ ‘pai’ ‘H’
     ‘n’
    Argument items with no description in Rd object 'ind.u':
     ‘pr’
    Argument items with no description in Rd object 'lambda.u':
     ‘nu’
    Argument items with no description in Rd object 'mu.k.u':
     ‘k’ ‘ik’ ‘z’ ‘sigma’ ‘mu0’
    Argument items with no description in Rd object 'nu.u':
     ‘ind’ ‘tau’ ‘H’
    Argument items with no description in Rd object 'pai.u':
     ‘b’ ‘a.pai’ ‘b.pai’
    Argument items with no description in Rd object 'sig.k.u':
     ‘k’ ‘ik’ ‘z’ ‘mu0’ ‘a0’ ‘b0’
    Argument items with no description in Rd object 'z.pr.u':
     ‘z’ ‘hk’ ‘mu’ ‘sigma’ ‘ph’ ‘H’ ‘n’
Flavors: r-devel-linux-x86_64-debian-clang, r-devel-linux-x86_64-debian-gcc, r-devel-linux-x86_64-fedora-clang, r-devel-linux-x86_64-fedora-gcc, r-devel-windows-x86_64