CRAN Package Check Results for Package BIEN

Last updated on 2018-10-19 06:47:44 CEST.

Flavor Version Tinstall Tcheck Ttotal Status Flags
r-devel-linux-x86_64-debian-clang 1.2.3 4.38 52.18 56.56 OK --no-tests
r-devel-linux-x86_64-debian-gcc 1.2.3 3.64 41.14 44.78 OK --no-tests
r-devel-linux-x86_64-fedora-clang 1.2.3 94.15 OK
r-devel-linux-x86_64-fedora-gcc 1.2.3 93.17 OK
r-devel-windows-ix86+x86_64 1.2.3 10.00 0.00 10.00 FAIL
r-patched-linux-x86_64 1.2.3 4.08 47.11 51.19 OK --no-tests
r-patched-solaris-x86 1.2.3 191.40 OK
r-release-linux-x86_64 1.2.3 3.83 46.91 50.74 OK --no-tests
r-release-windows-ix86+x86_64 1.2.3 10.00 1480.00 1490.00 OK
r-release-osx-x86_64 1.2.3 OK
r-oldrel-windows-ix86+x86_64 1.2.3 6.00 0.00 6.00 OK
r-oldrel-osx-x86_64 1.2.3 OK

Check Details

Version: 1.2.3
Check: re-building of vignette outputs
Result: FAIL
    Check process probably crashed or hung up for 20 minutes ... killed
    Most likely this happened in the example checks (?),
    if not, ignore the following last lines of example output:
    > flush(stderr()); flush(stdout())
    >
    > ### Name: BIEN_trait_traits_per_species
    > ### Title: Count the number of trait observations for each species in the
    > ### BIEN database
    > ### Aliases: BIEN_trait_traits_per_species
    >
    > ### ** Examples
    >
    > ## Not run:
    > ##D trait_observation_counts<-BIEN_trait_traits_per_species()
    > ## End(Not run)
    >
    >
    >
    > ### * <FOOTER>
    > ###
    > cleanEx()
    > options(digits = 7L)
    > base::cat("Time elapsed: ", proc.time() - base::get("ptime", pos = 'CheckExEnv'),"\n")
    Time elapsed: 0.69 0.1 0.82 NA NA
    > grDevices::dev.off()
    null device
     1
    > ###
    > ### Local variables: ***
    > ### mode: outline-minor ***
    > ### outline-regexp: "\\(> \\)?### [*]+" ***
    > ### End: ***
    > quit('no')
    ======== End of example output (where/before crash/hang up occured ?) ========
Flavor: r-devel-windows-ix86+x86_64