CRAN Package Check Results for Package BIGDAWG

Last updated on 2018-02-19 13:47:33 CET.

Flavor Version Tinstall Tcheck Ttotal Status Flags
r-devel-linux-x86_64-debian-clang 2.1 7.75 42.13 49.88 OK
r-devel-linux-x86_64-debian-gcc 2.1 5.95 38.16 44.11 OK
r-devel-linux-x86_64-fedora-clang 2.1 69.33 NOTE
r-devel-linux-x86_64-fedora-gcc 2.1 67.07 NOTE
r-devel-windows-ix86+x86_64 2.1 9.00 52.00 61.00 OK
r-patched-linux-x86_64 2.1 3.55 51.97 55.52 OK
r-patched-solaris-x86 2.1 89.00 NOTE
r-release-linux-x86_64 2.1 3.68 51.59 55.27 OK
r-release-windows-ix86+x86_64 2.1 12.00 79.00 91.00 OK
r-release-osx-x86_64 2.1 NOTE
r-oldrel-windows-ix86+x86_64 2.1 11.00 71.00 82.00 OK
r-oldrel-osx-x86_64 1.16 NOTE

Check Details

Version: 2.1
Check: dependencies in R code
Result: NOTE
    Namespaces in Imports field not imported from:
     ‘knitr’ ‘rmarkdown’
     All declared Imports should be used.
Flavors: r-devel-linux-x86_64-fedora-clang, r-devel-linux-x86_64-fedora-gcc, r-patched-solaris-x86, r-release-osx-x86_64

Version: 1.16
Check: dependencies in R code
Result: NOTE
    Namespaces in Imports field not imported from:
     ‘knitr’ ‘rmarkdown’
     All declared Imports should be used.
Flavor: r-oldrel-osx-x86_64