CRAN Package Check Results for Package BIGDAWG

Last updated on 2022-12-03 07:56:31 CET.

Flavor Version Tinstall Tcheck Ttotal Status Flags
r-devel-linux-x86_64-debian-clang 3.0.3 27.27 76.98 104.25 OK
r-devel-linux-x86_64-debian-gcc 3.0.3 22.70 58.33 81.03 OK
r-devel-linux-x86_64-fedora-clang 3.0.3 153.57 NOTE
r-devel-linux-x86_64-fedora-gcc 3.0.3 163.03 NOTE
r-devel-windows-x86_64 3.0.3 65.00 110.00 175.00 OK
r-patched-linux-x86_64 3.0.3 30.00 70.72 100.72 OK
r-release-linux-x86_64 3.0.3 23.58 71.41 94.99 OK
r-release-macos-arm64 3.0.3 53.00 NOTE
r-release-macos-x86_64 3.0.3 75.00 NOTE
r-release-windows-x86_64 3.0.3 62.00 101.00 163.00 OK
r-oldrel-macos-arm64 3.0.3 65.00 NOTE
r-oldrel-macos-x86_64 3.0.3 66.00 NOTE
r-oldrel-windows-ix86+x86_64 3.0.3 58.00 109.00 167.00 OK

Check Details

Version: 3.0.3
Check: dependencies in R code
Result: NOTE
    Namespace in Imports field not imported from: ‘httr’
     All declared Imports should be used.
Flavors: r-devel-linux-x86_64-fedora-clang, r-devel-linux-x86_64-fedora-gcc, r-release-macos-arm64, r-release-macos-x86_64, r-oldrel-macos-arm64, r-oldrel-macos-x86_64