CRAN Package Check Results for Package BIGDAWG

Last updated on 2018-08-20 01:46:16 CEST.

Flavor Version Tinstall Tcheck Ttotal Status Flags
r-devel-linux-x86_64-debian-clang 2.1 7.40 52.60 60.00 OK
r-devel-linux-x86_64-debian-gcc 2.1 5.98 41.83 47.81 OK
r-devel-linux-x86_64-fedora-clang 2.1 71.03 NOTE
r-devel-linux-x86_64-fedora-gcc 2.1 71.75 NOTE
r-devel-windows-ix86+x86_64 2.1 16.00 79.00 95.00 OK
r-patched-linux-x86_64 2.1 7.22 49.07 56.29 OK
r-patched-solaris-x86 2.1 103.30 NOTE
r-release-linux-x86_64 2.1 6.33 49.15 55.48 OK
r-release-windows-ix86+x86_64 2.1 17.00 83.00 100.00 OK
r-release-osx-x86_64 2.1 NOTE
r-oldrel-windows-ix86+x86_64 2.1 7.00 83.00 90.00 OK
r-oldrel-osx-x86_64 2.1 NOTE

Check Details

Version: 2.1
Check: dependencies in R code
Result: NOTE
    Namespaces in Imports field not imported from:
     ‘knitr’ ‘rmarkdown’
     All declared Imports should be used.
Flavors: r-devel-linux-x86_64-fedora-clang, r-devel-linux-x86_64-fedora-gcc, r-patched-solaris-x86, r-release-osx-x86_64, r-oldrel-osx-x86_64