CRAN Package Check Results for Package BIGDAWG

Last updated on 2018-11-18 21:47:15 CET.

Flavor Version Tinstall Tcheck Ttotal Status Flags
r-devel-linux-x86_64-debian-clang 2.1 6.38 51.16 57.54 OK
r-devel-linux-x86_64-debian-gcc 2.1 6.18 40.29 46.47 OK
r-devel-linux-x86_64-fedora-clang 2.1 70.41 NOTE
r-devel-linux-x86_64-fedora-gcc 2.1 74.55 NOTE
r-devel-windows-ix86+x86_64 2.1 17.00 85.00 102.00 OK
r-patched-linux-x86_64 2.1 7.18 48.54 55.72 OK
r-patched-solaris-x86 2.1 100.90 NOTE
r-release-linux-x86_64 2.1 6.31 48.54 54.85 OK
r-release-windows-ix86+x86_64 2.1 16.00 86.00 102.00 OK
r-release-osx-x86_64 2.1 NOTE
r-oldrel-windows-ix86+x86_64 2.1 8.00 60.00 68.00 OK
r-oldrel-osx-x86_64 2.1 NOTE

Check Details

Version: 2.1
Check: dependencies in R code
Result: NOTE
    Namespaces in Imports field not imported from:
     ‘knitr’ ‘rmarkdown’
     All declared Imports should be used.
Flavors: r-devel-linux-x86_64-fedora-clang, r-devel-linux-x86_64-fedora-gcc, r-patched-solaris-x86, r-release-osx-x86_64, r-oldrel-osx-x86_64