CRAN Package Check Results for Package BIGDAWG

Last updated on 2018-05-20 20:47:34 CEST.

Flavor Version Tinstall Tcheck Ttotal Status Flags
r-devel-linux-x86_64-debian-clang 2.1 6.92 49.68 56.60 OK
r-devel-linux-x86_64-debian-gcc 2.1 6.81 39.77 46.58 OK
r-devel-linux-x86_64-fedora-clang 2.1 73.42 NOTE
r-devel-linux-x86_64-fedora-gcc 2.1 74.57 NOTE
r-devel-windows-ix86+x86_64 2.1 10.00 60.00 70.00 OK
r-patched-linux-x86_64 2.1 7.37 48.61 55.98 OK
r-patched-solaris-x86 2.1 103.00 NOTE
r-release-linux-x86_64 2.1 8.04 48.42 56.46 OK
r-release-windows-ix86+x86_64 2.1 10.00 61.00 71.00 OK
r-release-osx-x86_64 2.1 NOTE
r-oldrel-windows-ix86+x86_64 2.1 6.00 62.00 68.00 OK
r-oldrel-osx-x86_64 2.1 NOTE

Check Details

Version: 2.1
Check: dependencies in R code
Result: NOTE
    Namespaces in Imports field not imported from:
     ‘knitr’ ‘rmarkdown’
     All declared Imports should be used.
Flavors: r-devel-linux-x86_64-fedora-clang, r-devel-linux-x86_64-fedora-gcc, r-patched-solaris-x86, r-release-osx-x86_64, r-oldrel-osx-x86_64