CRAN Package Check Results for Package BIGL

Last updated on 2018-05-26 21:46:22 CEST.

Flavor Version Tinstall Tcheck Ttotal Status Flags
r-devel-linux-x86_64-debian-clang 1.1.1 4.16 222.48 226.64 OK
r-devel-linux-x86_64-debian-gcc 1.1.1 3.55 158.00 161.55 OK
r-devel-linux-x86_64-fedora-clang 1.1.1 274.86 OK
r-devel-linux-x86_64-fedora-gcc 1.1.1 260.30 OK
r-devel-windows-ix86+x86_64 1.1.1 9.00 210.00 219.00 OK
r-patched-linux-x86_64 1.1.1 4.45 228.25 232.70 OK
r-patched-solaris-x86 1.1.1 275.30 ERROR
r-release-linux-x86_64 1.1.1 3.97 220.59 224.56 OK
r-release-windows-ix86+x86_64 1.1.1 14.00 298.00 312.00 OK
r-release-osx-x86_64 1.1.1 ERROR
r-oldrel-windows-ix86+x86_64 1.1.1 12.00 238.00 250.00 OK
r-oldrel-osx-x86_64 1.1.1 WARN

Additional issues

MKL noLD

Check Details

Version: 1.1.1
Check: tests
Result: ERROR
     Running ‘testthat.R’ [104s/125s]
    Running the tests in ‘tests/testthat.R’ failed.
    Complete output:
     > library(testthat)
     > library(BIGL)
     >
     > test_check("BIGL")
     ── 1. Failure: statistics (@test_wrapper.R#14) ────────────────────────────────
     rs$maxR not equal to maxR(...).
     Component "Ymean": Component "sign": 1 element mismatch
     Component "Ymean": Component "call": 1 string mismatch
    
     ══ testthat results ═══════════════════════════════════════════════════════════
     OK: 129 SKIPPED: 0 FAILED: 1
     1. Failure: statistics (@test_wrapper.R#14)
    
     Error: testthat unit tests failed
     Execution halted
Flavor: r-patched-solaris-x86

Version: 1.1.1
Check: re-building of vignette outputs
Result: WARN
    Error in re-building vignettes:
     ...
    Warning in engine$weave(file, quiet = quiet, encoding = enc) :
     Pandoc (>= 1.12.3) and/or pandoc-citeproc not available. Falling back to R Markdown v1.
    Warning: Transformation introduced infinite values in continuous x-axis
    Warning: Transformation introduced infinite values in continuous y-axis
    Warning: Transformation introduced infinite values in continuous x-axis
    Warning: Transformation introduced infinite values in continuous y-axis
    Warning: Removed 199 rows containing non-finite values (stat_contour).
    Quitting from lines 240-243 (analysis.Rmd)
    Error: processing vignette 'analysis.Rmd' failed with diagnostics:
    there is no package called 'webshot'
    Execution halted
Flavor: r-patched-solaris-x86

Version: 1.1.1
Check: tests
Result: ERROR
     Running ‘testthat.R’ [64s/101s]
    Running the tests in ‘tests/testthat.R’ failed.
    Last 13 lines of output:
     > library(testthat)
     > library(BIGL)
     >
     > test_check("BIGL")
     ── 1. Failure: statistics (@test_wrapper.R#14) ────────────────────────────────
     rs$maxR not equal to maxR(...).
     Component "Ymean": Component "sign": 1 element mismatch
     Component "Ymean": Component "call": 1 string mismatch
    
     ══ testthat results ═══════════════════════════════════════════════════════════
     OK: 129 SKIPPED: 0 FAILED: 1
     1. Failure: statistics (@test_wrapper.R#14)
    
     Error: testthat unit tests failed
     Execution halted
Flavor: r-release-osx-x86_64

Version: 1.1.1
Check: re-building of vignette outputs
Result: WARN
    Error in re-building vignettes:
     ...
    Warning in engine$weave(file, quiet = quiet, encoding = enc) :
     Pandoc (>= 1.12.3) and/or pandoc-citeproc not available. Falling back to R Markdown v1.
    Warning: Transformation introduced infinite values in continuous x-axis
    Warning: Transformation introduced infinite values in continuous y-axis
    Warning: Transformation introduced infinite values in continuous x-axis
    Warning: Transformation introduced infinite values in continuous y-axis
    Warning: Removed 199 rows containing non-finite values (stat_contour).
    Warning in normalizePath(f2) :
     path[1]="./webshot119ff2c0d7f7b.png": No such file or directory
    Warning in file(con, "rb") :
     cannot open file './webshot119ff2c0d7f7b.png': No such file or directory
    Quitting from lines 240-243 (analysis.Rmd)
    Error: processing vignette 'analysis.Rmd' failed with diagnostics:
    cannot open the connection
    Execution halted
Flavor: r-release-osx-x86_64

Version: 1.1.1
Check: re-building of vignette outputs
Result: WARN
    Error in re-building vignettes:
     ...
    Warning: Transformation introduced infinite values in continuous x-axis
    Warning: Transformation introduced infinite values in continuous y-axis
    Warning: Transformation introduced infinite values in continuous x-axis
    Warning: Transformation introduced infinite values in continuous y-axis
    Warning: Removed 199 rows containing non-finite values (stat_contour).
    Warning in is.na(verts[, 2]) :
     is.na() applied to non-(list or vector) of type 'NULL'
    Warning in is.na(verts[, 3]) :
     is.na() applied to non-(list or vector) of type 'NULL'
    Warning in is.na(verts[, 1]) :
     is.na() applied to non-(list or vector) of type 'NULL'
    Warning in is.na(verts[, 3]) :
     is.na() applied to non-(list or vector) of type 'NULL'
    Warning in is.na(verts[, 1]) :
     is.na() applied to non-(list or vector) of type 'NULL'
    Warning in is.na(verts[, 2]) :
     is.na() applied to non-(list or vector) of type 'NULL'
    Warning in normalizePath(f2) :
     path[1]="./webshot15f511c4ec2b8.png": No such file or directory
    Warning in file(con, "rb") :
     cannot open file './webshot15f511c4ec2b8.png': No such file or directory
    Quitting from lines 240-243 (analysis.Rmd)
    Error: processing vignette 'analysis.Rmd' failed with diagnostics:
    cannot open the connection
    Execution halted
Flavor: r-oldrel-osx-x86_64