CRAN Package Check Results for Package BIGL

Last updated on 2018-02-18 07:50:05 CET.

Flavor Version Tinstall Tcheck Ttotal Status Flags
r-devel-linux-x86_64-debian-clang 1.1.1 4.86 244.93 249.79 OK
r-devel-linux-x86_64-debian-gcc 1.1.1 2.97 159.24 162.21 OK
r-devel-linux-x86_64-fedora-clang 1.1.1 265.56 OK
r-devel-linux-x86_64-fedora-gcc 1.1.1 255.32 OK
r-devel-windows-ix86+x86_64 1.1.1 10.00 204.00 214.00 OK
r-patched-linux-x86_64 1.1.1 2.85 247.43 250.28 OK
r-patched-solaris-x86 1.1.1 244.30 WARN
r-release-linux-x86_64 1.1.1 2.62 242.93 245.55 OK
r-release-windows-ix86+x86_64 1.1.1 14.00 316.00 330.00 OK
r-release-osx-x86_64 1.1.1 WARN
r-oldrel-windows-ix86+x86_64 1.1.1 7.00 270.00 277.00 OK
r-oldrel-osx-x86_64 1.1.1 WARN

Check Details

Version: 1.1.1
Check: re-building of vignette outputs
Result: WARN
    Error in re-building vignettes:
     ...
    Warning in engine$weave(file, quiet = quiet, encoding = enc) :
     Pandoc (>= 1.12.3) and/or pandoc-citeproc not available. Falling back to R Markdown v1.
    Warning: Transformation introduced infinite values in continuous x-axis
    Warning: Transformation introduced infinite values in continuous y-axis
    Warning: Transformation introduced infinite values in continuous x-axis
    Warning: Transformation introduced infinite values in continuous y-axis
    Warning: Removed 199 rows containing non-finite values (stat_contour).
    Warning in is.na(verts[, 2]) :
     is.na() applied to non-(list or vector) of type 'NULL'
    Warning in is.na(verts[, 3]) :
     is.na() applied to non-(list or vector) of type 'NULL'
    Warning in is.na(verts[, 1]) :
     is.na() applied to non-(list or vector) of type 'NULL'
    Warning in is.na(verts[, 3]) :
     is.na() applied to non-(list or vector) of type 'NULL'
    Warning in is.na(verts[, 1]) :
     is.na() applied to non-(list or vector) of type 'NULL'
    Warning in is.na(verts[, 2]) :
     is.na() applied to non-(list or vector) of type 'NULL'
    Warning in normalizePath(f2) :
     path[1]="./webshot34ce7bee2b44.png": No such file or directory
    Warning in file(con, "rb") :
     cannot open file './webshot34ce7bee2b44.png': No such file or directory
    Quitting from lines 240-243 (analysis.Rmd)
    Error: processing vignette 'analysis.Rmd' failed with diagnostics:
    cannot open the connection
    Execution halted
Flavor: r-patched-solaris-x86

Version: 1.1.1
Check: re-building of vignette outputs
Result: WARN
    Error in re-building vignettes:
     ...
    Warning: Transformation introduced infinite values in continuous x-axis
    Warning: Transformation introduced infinite values in continuous y-axis
    Warning: Transformation introduced infinite values in continuous x-axis
    Warning: Transformation introduced infinite values in continuous y-axis
    Warning: Removed 199 rows containing non-finite values (stat_contour).
    Warning in is.na(verts[, 2]) :
     is.na() applied to non-(list or vector) of type 'NULL'
    Warning in is.na(verts[, 3]) :
     is.na() applied to non-(list or vector) of type 'NULL'
    Warning in is.na(verts[, 1]) :
     is.na() applied to non-(list or vector) of type 'NULL'
    Warning in is.na(verts[, 3]) :
     is.na() applied to non-(list or vector) of type 'NULL'
    Warning in is.na(verts[, 1]) :
     is.na() applied to non-(list or vector) of type 'NULL'
    Warning in is.na(verts[, 2]) :
     is.na() applied to non-(list or vector) of type 'NULL'
    Warning in normalizePath(f2) :
     path[1]="./webshot15f511c4ec2b8.png": No such file or directory
    Warning in file(con, "rb") :
     cannot open file './webshot15f511c4ec2b8.png': No such file or directory
    Quitting from lines 240-243 (analysis.Rmd)
    Error: processing vignette 'analysis.Rmd' failed with diagnostics:
    cannot open the connection
    Execution halted
Flavor: r-release-osx-x86_64

Version: 1.1.1
Check: re-building of vignette outputs
Result: WARN
    Error in re-building vignettes:
     ...
    Warning: Transformation introduced infinite values in continuous x-axis
    Warning: Transformation introduced infinite values in continuous y-axis
    Warning: Transformation introduced infinite values in continuous x-axis
    Warning: Transformation introduced infinite values in continuous y-axis
    Warning: Removed 199 rows containing non-finite values (stat_contour).
    Warning in is.na(verts[, 2]) :
     is.na() applied to non-(list or vector) of type 'NULL'
    Warning in is.na(verts[, 3]) :
     is.na() applied to non-(list or vector) of type 'NULL'
    Warning in is.na(verts[, 1]) :
     is.na() applied to non-(list or vector) of type 'NULL'
    Warning in is.na(verts[, 3]) :
     is.na() applied to non-(list or vector) of type 'NULL'
    Warning in is.na(verts[, 1]) :
     is.na() applied to non-(list or vector) of type 'NULL'
    Warning in is.na(verts[, 2]) :
     is.na() applied to non-(list or vector) of type 'NULL'
    Warning in normalizePath(f2) :
     path[1]="./webshot12a377e723c42.png": No such file or directory
    Warning in file(con, "rb") :
     cannot open file './webshot12a377e723c42.png': No such file or directory
    Quitting from lines 240-243 (analysis.Rmd)
    Error: processing vignette 'analysis.Rmd' failed with diagnostics:
    cannot open the connection
    Execution halted
Flavor: r-oldrel-osx-x86_64