CRAN Package Check Results for Package BIOMASS

Last updated on 2018-02-19 08:46:51 CET.

Flavor Version Tinstall Tcheck Ttotal Status Flags
r-devel-linux-x86_64-debian-clang 1.1 6.07 81.82 87.89 WARN
r-devel-linux-x86_64-debian-gcc 1.1 6.47 73.48 79.95 WARN
r-devel-linux-x86_64-fedora-clang 1.1 120.91 WARN
r-devel-linux-x86_64-fedora-gcc 1.1 119.16 WARN
r-devel-windows-ix86+x86_64 1.1 12.00 118.00 130.00 OK --no-vignettes
r-patched-linux-x86_64 1.1 6.28 161.31 167.59 OK
r-patched-solaris-x86 1.1 292.30 OK
r-release-linux-x86_64 1.1 6.89 157.56 164.45 OK
r-release-windows-ix86+x86_64 1.1 16.00 145.00 161.00 OK --no-vignettes
r-release-osx-x86_64 1.1 OK
r-oldrel-windows-ix86+x86_64 1.1 10.00 135.00 145.00 OK --no-vignettes
r-oldrel-osx-x86_64 1.1 OK

Check Details

Version: 1.1
Check: re-building of vignette outputs
Result: WARN
    Error in re-building vignettes:
     ...
    Warning in engine$weave(file, quiet = quiet, encoding = enc) :
     The vignette engine knitr::rmarkdown is not available, because the rmarkdown package is not installed. Please install it.
    Warning: You used a knitr feature that depends on the digest package. Make sure it is installed.
    Quitting from lines 24-25 (VignetteBiomass.Rmd)
    Error: processing vignette ‘VignetteBiomass.Rmd’ failed with diagnostics:
    there is no package called 'digest'
    Execution halted
Flavors: r-devel-linux-x86_64-debian-clang, r-devel-linux-x86_64-debian-gcc, r-devel-linux-x86_64-fedora-clang, r-devel-linux-x86_64-fedora-gcc