CRAN Package Check Results for Package BIS

Last updated on 2018-05-24 06:46:35 CEST.

Flavor Version Tinstall Tcheck Ttotal Status Flags
r-devel-linux-x86_64-debian-clang 0.2.1 0.97 23.03 24.00 OK
r-devel-linux-x86_64-debian-gcc 0.2.1 0.76 19.41 20.17 OK
r-devel-linux-x86_64-fedora-clang 0.2.1 28.81 OK
r-devel-linux-x86_64-fedora-gcc 0.2.1 26.65 OK
r-devel-windows-ix86+x86_64 0.2.1 4.00 45.00 49.00 OK
r-patched-linux-x86_64 0.2.1 0.89 22.55 23.44 OK
r-patched-solaris-x86 0.2.1 43.70 OK
r-release-linux-x86_64 0.2.1 0.83 23.07 23.90 OK
r-release-windows-ix86+x86_64 0.2.0 4.00 62.00 66.00 WARN
r-release-osx-x86_64 0.2.1 OK
r-oldrel-windows-ix86+x86_64 0.2.1 4.00 56.00 60.00 OK
r-oldrel-osx-x86_64 0.2.0 OK

Check Details

Version: 0.2.0
Check: re-building of vignette outputs
Result: WARN
    Error in re-building vignettes:
     ...
    Parsed with column specification:
    cols(
     .default = col_character(),
     X1271 = col_double(),
     X1272 = col_double(),
     X1273 = col_double(),
     X1274 = col_double(),
     X1275 = col_double(),
     X1276 = col_double(),
     X1277 = col_double(),
     X1278 = col_double(),
     X1279 = col_double(),
     X1280 = col_double(),
     X1281 = col_double(),
     X1282 = col_double(),
     X1283 = col_double(),
     X1284 = col_double(),
     X1285 = col_double(),
     X1286 = col_double(),
     X1287 = col_double(),
     X1288 = col_double(),
     X1289 = col_double(),
     X1290 = col_double()
     # ... with 337 more columns
    )
    See spec(...) for full column specifications.
    Parsed with column specification:
    cols(
     .default = col_double(),
     FREQ = col_character(),
     Frequency = col_character(),
     REF_AREA = col_character(),
     `Reference area` = col_character(),
     UNIT_MEASURE = col_integer(),
     `Unit of measure` = col_character(),
     `Time Period` = col_character()
    )
    See spec(...) for full column specifications.
    
    Attaching package: 'dplyr'
    
    The following objects are masked from 'package:stats':
    
     filter, lag
    
    The following objects are masked from 'package:base':
    
     intersect, setdiff, setequal, union
    
    
    Attaching package: 'zoo'
    
    The following objects are masked from 'package:base':
    
     as.Date, as.Date.numeric
    
    Quitting from lines 61-79 (BIS.Rmd)
    Error: processing vignette 'BIS.Rmd' failed with diagnostics:
    Evaluation error: yearmon variable can only have one format.
    Execution halted
Flavor: r-release-windows-ix86+x86_64