CRAN Package Check Results for Package BLCOP

Last updated on 2024-07-13 19:53:56 CEST.

Flavor Version Tinstall Tcheck Ttotal Status Flags
r-devel-linux-x86_64-debian-clang 0.3.3 19.39 137.46 156.85 NOTE
r-devel-linux-x86_64-debian-gcc 0.3.3 14.45 103.50 117.95 NOTE
r-devel-linux-x86_64-fedora-clang 0.3.3 192.38 NOTE
r-devel-linux-x86_64-fedora-gcc 0.3.3 193.97 NOTE
r-devel-windows-x86_64 0.3.3 16.00 113.00 129.00 NOTE
r-patched-linux-x86_64 0.3.3 17.25 132.09 149.34 NOTE
r-release-linux-x86_64 0.3.3 15.11 131.85 146.96 NOTE
r-release-macos-arm64 0.3.3 60.00 NOTE
r-release-macos-x86_64 0.3.3 90.00 NOTE
r-release-windows-x86_64 0.3.3 14.00 111.00 125.00 NOTE
r-oldrel-macos-arm64 0.3.3 57.00 NOTE
r-oldrel-macos-x86_64 0.3.3 90.00 NOTE
r-oldrel-windows-x86_64 0.3.3 20.00 138.00 158.00 NOTE

Check Details

Version: 0.3.3
Check: Rd files
Result: NOTE checkRd: (-1) posteriorFeasibility.Rd:25: Escaped LaTeX specials: \# checkRd: (-1) sp500Returns.Rd:4: Escaped LaTeX specials: \& Flavors: r-devel-linux-x86_64-debian-clang, r-devel-linux-x86_64-debian-gcc, r-devel-linux-x86_64-fedora-clang, r-devel-linux-x86_64-fedora-gcc, r-devel-windows-x86_64, r-patched-linux-x86_64, r-release-linux-x86_64, r-release-macos-arm64, r-release-macos-x86_64, r-release-windows-x86_64, r-oldrel-macos-arm64, r-oldrel-macos-x86_64, r-oldrel-windows-x86_64

Version: 0.3.3
Check: dependencies in R code
Result: NOTE Namespaces in Imports field not imported from: ‘knitr’ ‘rmarkdown’ All declared Imports should be used. Flavors: r-devel-linux-x86_64-fedora-clang, r-devel-linux-x86_64-fedora-gcc