Last updated on 2023-12-05 05:49:04 CET.
Flavor | Version | Tinstall | Tcheck | Ttotal | Status | Flags |
---|---|---|---|---|---|---|
r-devel-linux-x86_64-debian-clang | 0.3.3 | 14.94 | 136.01 | 150.95 | NOTE | |
r-devel-linux-x86_64-debian-gcc | 0.3.3 | 12.84 | 101.23 | 114.07 | NOTE | |
r-devel-linux-x86_64-fedora-clang | 0.3.3 | 184.65 | NOTE | |||
r-devel-linux-x86_64-fedora-gcc | 0.3.3 | 188.61 | NOTE | |||
r-devel-windows-x86_64 | 0.3.3 | 14.00 | 113.00 | 127.00 | NOTE | |
r-patched-linux-x86_64 | 0.3.3 | 16.06 | 130.34 | 146.40 | NOTE | |
r-release-linux-x86_64 | 0.3.3 | 17.95 | 127.24 | 145.19 | NOTE | |
r-release-macos-arm64 | 0.3.3 | 57.00 | NOTE | |||
r-release-macos-x86_64 | 0.3.3 | 90.00 | NOTE | |||
r-release-windows-x86_64 | 0.3.3 | 19.00 | 141.00 | 160.00 | NOTE | |
r-oldrel-macos-arm64 | 0.3.3 | 51.00 | NOTE | |||
r-oldrel-macos-x86_64 | 0.3.3 | 76.00 | NOTE | |||
r-oldrel-windows-x86_64 | 0.3.3 | 23.00 | 135.00 | 158.00 | OK |
Version: 0.3.3
Check: Rd files
Result: NOTE
checkRd: (-1) posteriorFeasibility.Rd:25: Escaped LaTeX specials: \#
checkRd: (-1) sp500Returns.Rd:4: Escaped LaTeX specials: \&
Flavors: r-devel-linux-x86_64-debian-clang, r-devel-linux-x86_64-debian-gcc, r-devel-linux-x86_64-fedora-clang, r-devel-linux-x86_64-fedora-gcc, r-devel-windows-x86_64, r-patched-linux-x86_64, r-release-linux-x86_64, r-release-macos-arm64, r-release-macos-x86_64, r-release-windows-x86_64
Version: 0.3.3
Check: dependencies in R code
Result: NOTE
Namespaces in Imports field not imported from:
‘knitr’ ‘rmarkdown’
All declared Imports should be used.
Flavors: r-devel-linux-x86_64-fedora-clang, r-devel-linux-x86_64-fedora-gcc, r-oldrel-macos-arm64, r-oldrel-macos-x86_64