CRAN Package Check Results for Package BLRShiny

Last updated on 2021-03-08 10:46:45 CET.

Flavor Version Tinstall Tcheck Ttotal Status Flags
r-devel-linux-x86_64-debian-clang 0.1.0 1.90 19.80 21.70 OK
r-devel-linux-x86_64-debian-gcc 0.1.0 1.65 15.58 17.23 OK
r-devel-linux-x86_64-fedora-clang 0.1.0 36.85 NOTE
r-devel-linux-x86_64-fedora-gcc 0.1.0 26.28 NOTE
r-devel-windows-ix86+x86_64 0.1.0 7.00 34.00 41.00 OK
r-devel-windows-x86_64-gcc10-UCRT 0.1.0 NOTE
r-patched-linux-x86_64 0.1.0 1.91 19.39 21.30 OK
r-patched-solaris-x86 0.1.0 43.00 NOTE
r-release-linux-x86_64 0.1.0 2.05 19.68 21.73 OK
r-release-macos-x86_64 0.1.0 NOTE
r-release-windows-ix86+x86_64 0.1.0 5.00 27.00 32.00 OK
r-oldrel-macos-x86_64 0.1.0 NOTE
r-oldrel-windows-ix86+x86_64 0.1.0 3.00 24.00 27.00 OK

Check Details

Version: 0.1.0
Check: dependencies in R code
Result: NOTE
    Namespaces in Imports field not imported from:
     ‘caret’ ‘datasets’ ‘dplyr’ ‘e1071’ ‘ggplot2’ ‘rhandsontable’ ‘shiny’
     All declared Imports should be used.
Flavors: r-devel-linux-x86_64-fedora-clang, r-devel-linux-x86_64-fedora-gcc, r-devel-windows-x86_64-gcc10-UCRT, r-patched-solaris-x86, r-release-macos-x86_64, r-oldrel-macos-x86_64