CRAN Package Check Results for Package BMRBr

Last updated on 2022-12-07 20:55:53 CET.

Flavor Version Tinstall Tcheck Ttotal Status Flags
r-devel-linux-x86_64-debian-clang 0.2.0 3.22 33.67 36.89 NOTE
r-devel-linux-x86_64-debian-gcc 0.2.0 1.97 26.09 28.06 NOTE
r-devel-linux-x86_64-fedora-clang 0.2.0 58.64 NOTE
r-devel-linux-x86_64-fedora-gcc 0.2.0 64.74 NOTE
r-devel-windows-x86_64 0.2.0 11.00 64.00 75.00 NOTE
r-patched-linux-x86_64 0.2.0 3.27 31.15 34.42 NOTE
r-release-linux-x86_64 0.2.0 3.17 32.20 35.37 NOTE
r-release-macos-arm64 0.2.0 21.00 NOTE
r-release-macos-x86_64 0.2.0 30.00 NOTE
r-release-windows-x86_64 0.2.0 12.00 67.00 79.00 NOTE
r-oldrel-macos-arm64 0.2.0 27.00 NOTE
r-oldrel-macos-x86_64 0.2.0 37.00 NOTE
r-oldrel-windows-ix86+x86_64 0.2.0 8.00 61.00 69.00 NOTE

Check Details

Version: 0.2.0
Check: package subdirectories
Result: NOTE
    Problems with news in 'NEWS.md':
    No news entries found.
Flavors: r-devel-linux-x86_64-debian-clang, r-devel-linux-x86_64-debian-gcc, r-devel-linux-x86_64-fedora-clang, r-devel-linux-x86_64-fedora-gcc, r-devel-windows-x86_64

Version: 0.2.0
Check: LazyData
Result: NOTE
     'LazyData' is specified without a 'data' directory
Flavors: r-devel-linux-x86_64-debian-clang, r-devel-linux-x86_64-debian-gcc, r-devel-linux-x86_64-fedora-clang, r-devel-linux-x86_64-fedora-gcc, r-devel-windows-x86_64, r-patched-linux-x86_64, r-release-linux-x86_64, r-release-macos-arm64, r-release-macos-x86_64, r-release-windows-x86_64, r-oldrel-macos-arm64, r-oldrel-macos-x86_64, r-oldrel-windows-ix86+x86_64