CRAN Package Check Results for Package BNDataGenerator

Last updated on 2019-11-14 15:47:24 CET.

Flavor Version Tinstall Tcheck Ttotal Status Flags
r-devel-linux-x86_64-debian-clang 1.0 2.60 18.77 21.37 NOTE
r-devel-linux-x86_64-debian-gcc 1.0 1.67 14.95 16.62 NOTE
r-devel-linux-x86_64-fedora-clang 1.0 27.74 NOTE
r-devel-linux-x86_64-fedora-gcc 1.0 25.93 NOTE
r-devel-windows-ix86+x86_64 1.0 8.00 32.00 40.00 NOTE
r-patched-linux-x86_64 1.0 2.14 18.18 20.32 NOTE
r-patched-solaris-x86 1.0 39.30 NOTE
r-release-linux-x86_64 1.0 1.76 18.14 19.90 NOTE
r-release-windows-ix86+x86_64 1.0 5.00 52.00 57.00 NOTE
r-release-osx-x86_64 1.0 NOTE
r-oldrel-windows-ix86+x86_64 1.0 3.00 47.00 50.00 NOTE
r-oldrel-osx-x86_64 1.0 NOTE

Check Details

Version: 1.0
Check: DESCRIPTION meta-information
Result: NOTE
    Malformed Description field: should contain one or more complete sentences.
Flavors: r-devel-linux-x86_64-debian-clang, r-devel-linux-x86_64-debian-gcc, r-devel-linux-x86_64-fedora-clang, r-devel-linux-x86_64-fedora-gcc, r-devel-windows-ix86+x86_64, r-patched-linux-x86_64, r-patched-solaris-x86, r-release-linux-x86_64, r-release-windows-ix86+x86_64, r-release-osx-x86_64, r-oldrel-windows-ix86+x86_64, r-oldrel-osx-x86_64

Version: 1.0
Check: R code for possible problems
Result: NOTE
    make_topology: no visible global function definition for 'runif'
    Undefined global functions or variables:
     runif
    Consider adding
     importFrom("stats", "runif")
    to your NAMESPACE file.
Flavors: r-devel-linux-x86_64-debian-clang, r-devel-linux-x86_64-debian-gcc, r-devel-linux-x86_64-fedora-clang, r-devel-linux-x86_64-fedora-gcc, r-devel-windows-ix86+x86_64, r-patched-linux-x86_64, r-patched-solaris-x86, r-release-linux-x86_64, r-release-windows-ix86+x86_64, r-release-osx-x86_64, r-oldrel-windows-ix86+x86_64, r-oldrel-osx-x86_64