CRAN Package Check Results for Package BNPMIXcluster

Last updated on 2020-02-19 20:48:14 CET.

Flavor Version Tinstall Tcheck Ttotal Status Flags
r-devel-linux-x86_64-debian-clang 1.2.4 104.89 35.30 140.19 NOTE
r-devel-linux-x86_64-debian-gcc 1.2.4 66.56 27.11 93.67 NOTE
r-devel-linux-x86_64-fedora-clang 1.2.4 189.25 WARN
r-devel-linux-x86_64-fedora-gcc 1.2.4 176.19 NOTE
r-devel-windows-ix86+x86_64 1.2.4 174.00 63.00 237.00 OK
r-devel-windows-ix86+x86_64-gcc8 1.2.4 274.00 86.00 360.00 OK
r-patched-linux-x86_64 1.2.4 78.78 31.21 109.99 NOTE
r-patched-solaris-x86 1.2.4 171.40 OK
r-release-linux-x86_64 1.2.4 78.06 31.46 109.52 NOTE
r-release-windows-ix86+x86_64 1.2.4 192.00 71.00 263.00 OK
r-release-osx-x86_64 1.2.4 OK
r-oldrel-windows-ix86+x86_64 1.2.4 151.00 63.00 214.00 OK
r-oldrel-osx-x86_64 1.2.4 OK

Check Details

Version: 1.2.4
Check: use of SHLIB_OPENMP_*FLAGS in Makefiles
Result: NOTE
     src/Makevars: SHLIB_OPENMP_CXXFLAGS is included in PKG_CXXFLAGS but not in PKG_LIBS
     src/Makevars: SHLIB_OPENMP_CFLAGS is included in PKG_LIBS but linking is by C++
     src/Makevars.win: SHLIB_OPENMP_CXXFLAGS is included in PKG_CXXFLAGS but not in PKG_LIBS
     src/Makevars.win: SHLIB_OPENMP_CFLAGS is included in PKG_LIBS but linking is by C++
    Use of these macros is discussed in sect 1.2.1.1 of 'Writing R
    Extensions'. The macros for different languages may differ so the
    matching macro must be used in PKG_CXXFLAGS (etc) and match that used
    in PKG_LIBS (except for Fortran: see the manual).
Flavors: r-devel-linux-x86_64-debian-clang, r-devel-linux-x86_64-debian-gcc, r-devel-linux-x86_64-fedora-clang, r-devel-linux-x86_64-fedora-gcc, r-patched-linux-x86_64, r-release-linux-x86_64

Version: 1.2.4
Check: package dependencies
Result: WARN
    Requires orphaned package: ‘gplots’
Flavor: r-devel-linux-x86_64-fedora-clang