CRAN Package Check Results for Package BNPMIXcluster

Last updated on 2019-09-17 23:47:08 CEST.

Flavor Version Tinstall Tcheck Ttotal Status Flags
r-devel-linux-x86_64-debian-clang 1.2.4 82.63 31.37 114.00 NOTE
r-devel-linux-x86_64-debian-gcc 1.2.4 69.41 25.62 95.03 NOTE
r-devel-linux-x86_64-fedora-clang 1.2.4 181.16 NOTE
r-devel-linux-x86_64-fedora-gcc 1.2.4 170.44 NOTE
r-devel-windows-ix86+x86_64 1.2.4 217.00 100.00 317.00 OK
r-patched-linux-x86_64 1.2.4 74.27 31.01 105.28 NOTE
r-patched-solaris-x86 1.2.4 170.30 OK
r-release-linux-x86_64 1.2.4 71.73 31.65 103.38 NOTE
r-release-windows-ix86+x86_64 1.2.4 152.00 65.00 217.00 OK
r-release-osx-x86_64 1.2.4 OK
r-oldrel-windows-ix86+x86_64 1.2.4 203.00 63.00 266.00 OK
r-oldrel-osx-x86_64 1.2.4 OK

Check Details

Version: 1.2.4
Check: use of SHLIB_OPENMP_*FLAGS in Makefiles
Result: NOTE
     src/Makevars: SHLIB_OPENMP_CXXFLAGS is included in PKG_CXXFLAGS but not in PKG_LIBS
     src/Makevars: SHLIB_OPENMP_CFLAGS is included in PKG_LIBS but linking is by C++
     src/Makevars.win: SHLIB_OPENMP_CXXFLAGS is included in PKG_CXXFLAGS but not in PKG_LIBS
     src/Makevars.win: SHLIB_OPENMP_CFLAGS is included in PKG_LIBS but linking is by C++
    Use of these macros is discussed in sect 1.2.1.1 of 'Writing R
    Extensions'. The macros for different languages may differ so the
    matching macro must be used in PKG_CXXFLAGS (etc) and match that used
    in PKG_LIBS (except for Fortran: see the manual).
Flavors: r-devel-linux-x86_64-debian-clang, r-devel-linux-x86_64-debian-gcc, r-devel-linux-x86_64-fedora-clang, r-devel-linux-x86_64-fedora-gcc, r-patched-linux-x86_64, r-release-linux-x86_64