CRAN Package Check Results for Package BNPMediation

Last updated on 2018-01-19 10:47:28 CET.

Flavor Version Tinstall Tcheck Ttotal Status Flags
r-devel-linux-x86_64-debian-clang 0.1.0 3.26 66.75 70.01 NOTE
r-devel-linux-x86_64-debian-gcc 0.1.0 2.92 57.40 60.32 NOTE
r-devel-linux-x86_64-fedora-clang 0.1.0 99.40 NOTE
r-devel-linux-x86_64-fedora-gcc 0.1.0 102.87 NOTE
r-devel-windows-ix86+x86_64 0.1.0 9.00 140.00 149.00 OK
r-patched-linux-x86_64 0.1.0 3.61 78.21 81.82 OK
r-patched-solaris-x86 0.1.0 162.90 OK
r-release-linux-x86_64 0.1.0 3.77 78.81 82.58 OK
r-release-windows-ix86+x86_64 0.1.0 7.00 139.00 146.00 OK
r-release-osx-x86_64 0.1.0 OK
r-oldrel-windows-ix86+x86_64 0.1.0 9.00 128.00 137.00 OK
r-oldrel-osx-x86_64 0.1.0 OK

Check Details

Version: 0.1.0
Check: DESCRIPTION meta-information
Result: NOTE
    Dependence on R version ‘3.3.1’ not with patchlevel 0
Flavors: r-devel-linux-x86_64-debian-clang, r-devel-linux-x86_64-debian-gcc, r-devel-linux-x86_64-fedora-clang, r-devel-linux-x86_64-fedora-gcc