CRAN Package Check Results for Package BNPMediation

Last updated on 2018-07-21 02:47:25 CEST.

Flavor Version Tinstall Tcheck Ttotal Status Flags
r-devel-linux-x86_64-debian-clang 0.1.0 4.54 83.59 88.13 OK
r-devel-linux-x86_64-debian-gcc 0.1.0 3.84 66.52 70.36 OK
r-devel-linux-x86_64-fedora-clang 0.1.0 106.07 OK
r-devel-linux-x86_64-fedora-gcc 0.1.0 104.10 OK
r-devel-windows-ix86+x86_64 0.1.0 10.00 147.00 157.00 OK
r-patched-linux-x86_64 0.1.0 NOTE
r-patched-solaris-x86 0.1.0 156.40 OK
r-release-linux-x86_64 0.1.0 4.85 75.73 80.58 NOTE
r-release-windows-ix86+x86_64 0.1.0 11.00 143.00 154.00 OK
r-release-osx-x86_64 0.1.0 OK
r-oldrel-windows-ix86+x86_64 0.1.0 7.00 169.00 176.00 OK
r-oldrel-osx-x86_64 0.1.0 OK

Check Details

Version: 0.1.0
Check: DESCRIPTION meta-information
Result: NOTE
    Dependence on R version ‘3.3.1’ not with patchlevel 0
Flavors: r-patched-linux-x86_64, r-release-linux-x86_64