CRAN Package Check Results for Package BNPMediation

Last updated on 2018-04-25 14:47:42 CEST.

Flavor Version Tinstall Tcheck Ttotal Status Flags
r-devel-linux-x86_64-debian-clang 0.1.0 4.41 76.15 80.56 OK
r-devel-linux-x86_64-debian-gcc 0.1.0 3.33 59.55 62.88 OK
r-devel-linux-x86_64-fedora-clang 0.1.0 97.90 OK
r-devel-linux-x86_64-fedora-gcc 0.1.0 93.86 OK
r-devel-windows-ix86+x86_64 0.1.0 10.00 170.00 180.00 OK
r-patched-linux-x86_64 0.1.0 4.35 73.84 78.19 NOTE
r-patched-solaris-x86 0.1.0 151.30 OK
r-release-linux-x86_64 0.1.0 4.45 73.86 78.31 NOTE
r-release-windows-ix86+x86_64 0.1.0 10.00 170.00 180.00 OK
r-release-osx-x86_64 0.1.0 OK
r-oldrel-windows-ix86+x86_64 0.1.0 7.00 152.00 159.00 OK
r-oldrel-osx-x86_64 0.1.0 OK

Check Details

Version: 0.1.0
Check: DESCRIPTION meta-information
Result: NOTE
    Dependence on R version ‘3.3.1’ not with patchlevel 0
Flavors: r-patched-linux-x86_64, r-release-linux-x86_64