CRAN Package Check Results for Package BNPMediation

Last updated on 2018-10-20 01:46:18 CEST.

Flavor Version Tinstall Tcheck Ttotal Status Flags
r-devel-linux-x86_64-debian-clang 0.1.0 5.99 86.31 92.30 OK
r-devel-linux-x86_64-debian-gcc 0.1.0 3.95 69.64 73.59 OK
r-devel-linux-x86_64-fedora-clang 0.1.0 110.24 OK
r-devel-linux-x86_64-fedora-gcc 0.1.0 107.27 OK
r-devel-windows-ix86+x86_64 0.1.0 12.00 173.00 185.00 OK
r-patched-linux-x86_64 0.1.0 5.33 74.81 80.14 NOTE
r-patched-solaris-x86 0.1.0 154.40 OK
r-release-linux-x86_64 0.1.0 4.98 76.24 81.22 NOTE
r-release-windows-ix86+x86_64 0.1.0 11.00 172.00 183.00 OK
r-release-osx-x86_64 0.1.0 OK
r-oldrel-windows-ix86+x86_64 0.1.0 6.00 136.00 142.00 OK
r-oldrel-osx-x86_64 0.1.0 OK

Check Details

Version: 0.1.0
Check: DESCRIPTION meta-information
Result: NOTE
    Dependence on R version ‘3.3.1’ not with patchlevel 0
Flavors: r-patched-linux-x86_64, r-release-linux-x86_64