Last updated on 2021-01-23 19:47:30 CET.
Flavor | Version | Tinstall | Tcheck | Ttotal | Status | Flags |
---|---|---|---|---|---|---|
r-devel-linux-x86_64-debian-clang | 0.2.6 | 255.62 | 80.09 | 335.71 | OK | |
r-devel-linux-x86_64-debian-gcc | 0.2.6 | 168.74 | 59.38 | 228.12 | OK | |
r-devel-linux-x86_64-fedora-clang | 0.2.6 | 505.64 | NOTE | |||
r-devel-linux-x86_64-fedora-gcc | 0.2.6 | 455.74 | OK | |||
r-devel-windows-ix86+x86_64 | 0.2.6 | 577.00 | 157.00 | 734.00 | OK | |
r-patched-linux-x86_64 | 0.2.6 | 200.91 | 74.95 | 275.86 | OK | |
r-patched-solaris-x86 | 0.2.6 | 387.30 | OK | |||
r-release-linux-x86_64 | 0.2.6 | 202.46 | 73.88 | 276.34 | OK | |
r-release-macos-x86_64 | 0.2.6 | NOTE | ||||
r-release-windows-ix86+x86_64 | 0.2.6 | 563.00 | 152.00 | 715.00 | OK | |
r-oldrel-macos-x86_64 | 0.2.6 | NOTE | ||||
r-oldrel-windows-ix86+x86_64 | 0.2.6 | 429.00 | 129.00 | 558.00 | OK |
Version: 0.2.6
Check: installed package size
Result: NOTE
installed size is 16.8Mb
sub-directories of 1Mb or more:
libs 16.5Mb
Flavors: r-devel-linux-x86_64-fedora-clang, r-release-macos-x86_64, r-oldrel-macos-x86_64