CRAN Package Check Results for Package BNSP

Last updated on 2022-06-25 03:50:53 CEST.

Flavor Version Tinstall Tcheck Ttotal Status Flags
r-devel-linux-x86_64-debian-clang 2.1.6 65.89 146.11 212.00 OK
r-devel-linux-x86_64-debian-gcc 2.1.6 62.02 108.01 170.03 OK
r-devel-linux-x86_64-fedora-clang 2.1.6 275.69 OK
r-devel-linux-x86_64-fedora-gcc 2.1.6 283.86 OK
r-devel-windows-x86_64 2.1.6 60.00 159.00 219.00 OK
r-patched-linux-x86_64 2.1.6 66.87 155.63 222.50 OK
r-release-linux-x86_64 2.1.6 67.14 155.80 222.94 OK
r-release-macos-arm64 2.1.6 106.00 OK
r-release-macos-x86_64 2.1.6 207.00 NOTE
r-release-windows-x86_64 2.1.6 61.00 158.00 219.00 OK
r-oldrel-macos-arm64 2.1.6 156.00 OK
r-oldrel-macos-x86_64 2.1.6 140.00 OK
r-oldrel-windows-ix86+x86_64 2.1.6 154.00 197.00 351.00 OK

Check Details

Version: 2.1.6
Check: installed package size
Result: NOTE
     installed size is 5.0Mb
     sub-directories of 1Mb or more:
     libs 4.7Mb
Flavor: r-release-macos-x86_64