CRAN Package Check Results for Package BNSP

Last updated on 2024-02-21 13:48:24 CET.

Flavor Version Tinstall Tcheck Ttotal Status Flags
r-devel-linux-x86_64-debian-clang 2.2.3 OK
r-devel-linux-x86_64-debian-gcc 2.2.3 79.34 109.42 188.76 OK
r-devel-linux-x86_64-fedora-clang 2.2.3 263.17 OK
r-devel-linux-x86_64-fedora-gcc 2.2.3 352.16 OK
r-devel-windows-x86_64 2.2.3 69.00 122.00 191.00 OK
r-patched-linux-x86_64 2.2.3 91.25 144.23 235.48 OK
r-release-linux-x86_64 2.2.3 88.33 147.00 235.33 OK
r-release-macos-arm64 2.2.3 81.00 NOTE
r-release-macos-x86_64 2.2.3 160.00 NOTE
r-release-windows-x86_64 2.2.3 93.00 145.00 238.00 OK
r-oldrel-macos-arm64 2.2.3 124.00 NOTE
r-oldrel-windows-x86_64 2.2.3 87.00 141.00 228.00 OK

Check Details

Version: 2.2.3
Check: installed package size
Result: NOTE installed size is 5.2Mb sub-directories of 1Mb or more: libs 4.8Mb Flavors: r-release-macos-arm64, r-release-macos-x86_64, r-oldrel-macos-arm64