CRAN Package Check Results for Package BOJ

Last updated on 2021-04-14 08:48:12 CEST.

Flavor Version Tinstall Tcheck Ttotal Status Flags
r-devel-linux-x86_64-debian-clang 0.2.3 2.09 29.37 31.46 NOTE
r-devel-linux-x86_64-debian-gcc 0.2.3 1.66 23.25 24.91 NOTE
r-devel-linux-x86_64-fedora-clang 0.2.3 47.31 NOTE
r-devel-linux-x86_64-fedora-gcc 0.2.3 38.07 NOTE
r-devel-windows-ix86+x86_64 0.2.3 6.00 52.00 58.00 NOTE
r-devel-windows-x86_64-gcc10-UCRT 0.2.3 NOTE
r-patched-linux-x86_64 0.2.3 2.10 28.63 30.73 OK
r-patched-solaris-x86 0.2.3 56.90 OK
r-release-linux-x86_64 0.2.3 2.04 28.28 30.32 OK
r-release-macos-x86_64 0.2.3 OK
r-release-windows-ix86+x86_64 0.2.3 13.00 50.00 63.00 OK
r-oldrel-macos-x86_64 0.2.3 OK
r-oldrel-windows-ix86+x86_64 0.2.3 2.00 35.00 37.00 OK

Check Details

Version: 0.2.3
Check: LazyData
Result: NOTE
     'LazyData' is specified without a 'data' directory
Flavors: r-devel-linux-x86_64-debian-clang, r-devel-linux-x86_64-debian-gcc, r-devel-linux-x86_64-fedora-clang, r-devel-linux-x86_64-fedora-gcc, r-devel-windows-ix86+x86_64, r-devel-windows-x86_64-gcc10-UCRT