Last updated on 2023-06-08 13:55:04 CEST.
Flavor | Version | Tinstall | Tcheck | Ttotal | Status | Flags |
---|---|---|---|---|---|---|
r-devel-linux-x86_64-debian-clang | 1.0.3 | 9.64 | 114.39 | 124.03 | NOTE | |
r-devel-linux-x86_64-debian-gcc | 1.0.3 | 8.25 | 85.42 | 93.67 | NOTE | |
r-devel-linux-x86_64-fedora-clang | 1.0.3 | 152.52 | NOTE | |||
r-devel-linux-x86_64-fedora-gcc | 1.0.3 | 156.75 | NOTE | |||
r-devel-windows-x86_64 | 1.0.3 | 10.00 | 97.00 | 107.00 | NOTE | |
r-patched-linux-x86_64 | 1.0.3 | 9.70 | 108.02 | 117.72 | NOTE | |
r-release-linux-x86_64 | 1.0.3 | 10.34 | 106.83 | 117.17 | NOTE | |
r-release-macos-arm64 | 1.0.3 | 51.00 | NOTE | |||
r-release-macos-x86_64 | 1.0.3 | 96.00 | NOTE | |||
r-release-windows-x86_64 | 1.0.3 | 11.00 | 116.00 | 127.00 | NOTE | |
r-oldrel-macos-arm64 | 1.0.3 | 51.00 | NOTE | |||
r-oldrel-macos-x86_64 | 1.0.3 | 64.00 | NOTE | |||
r-oldrel-windows-x86_64 | 1.0.3 | 13.00 | 118.00 | 131.00 | NOTE |
Version: 1.0.3
Check: package dependencies
Result: NOTE
Packages suggested but not available for checking: 'cplexAPI', 'bestsubset'
Flavors: r-devel-linux-x86_64-debian-clang, r-devel-linux-x86_64-debian-gcc, r-devel-linux-x86_64-fedora-clang, r-devel-linux-x86_64-fedora-gcc, r-devel-windows-x86_64, r-patched-linux-x86_64, r-release-linux-x86_64, r-release-macos-arm64, r-release-macos-x86_64, r-release-windows-x86_64, r-oldrel-macos-arm64, r-oldrel-macos-x86_64, r-oldrel-windows-x86_64