CRAN Package Check Results for Package BRDT

Last updated on 2021-05-06 23:49:25 CEST.

Flavor Version Tinstall Tcheck Ttotal Status Flags
r-devel-linux-x86_64-debian-clang 0.1.0 2.20 34.92 37.12 NOTE
r-devel-linux-x86_64-debian-gcc 0.1.0 1.70 26.94 28.64 NOTE
r-devel-linux-x86_64-fedora-clang 0.1.0 53.84 NOTE
r-devel-linux-x86_64-fedora-gcc 0.1.0 44.35 NOTE
r-devel-windows-ix86+x86_64 0.1.0 6.00 54.00 60.00 NOTE
r-devel-windows-x86_64-gcc10-UCRT 0.1.0 NOTE
r-patched-linux-x86_64 0.1.0 2.40 34.93 37.33 NOTE
r-patched-solaris-x86 0.1.0 65.20 OK
r-release-linux-x86_64 0.1.0 2.32 33.75 36.07 OK
r-release-macos-x86_64 0.1.0 OK
r-release-windows-ix86+x86_64 0.1.0 4.00 37.00 41.00 OK
r-oldrel-macos-x86_64 0.1.0 OK
r-oldrel-windows-ix86+x86_64 0.1.0 4.00 48.00 52.00 OK

Check Details

Version: 0.1.0
Check: LazyData
Result: NOTE
     'LazyData' is specified without a 'data' directory
Flavors: r-devel-linux-x86_64-debian-clang, r-devel-linux-x86_64-debian-gcc, r-devel-linux-x86_64-fedora-clang, r-devel-linux-x86_64-fedora-gcc, r-devel-windows-ix86+x86_64, r-devel-windows-x86_64-gcc10-UCRT, r-patched-linux-x86_64