CRAN Package Check Results for Package BRISC

Last updated on 2023-10-01 10:00:11 CEST.

Flavor Version Tinstall Tcheck Ttotal Status Flags
r-devel-linux-x86_64-debian-clang 1.0.5 12.92 55.75 68.67 OK
r-devel-linux-x86_64-debian-gcc 1.0.5 8.93 42.50 51.43 OK
r-devel-linux-x86_64-fedora-clang 1.0.5 96.49 OK
r-devel-linux-x86_64-fedora-gcc 1.0.5 85.53 OK
r-devel-windows-x86_64 1.0.5 12.00 72.00 84.00 NOTE
r-patched-linux-x86_64 1.0.5 11.88 54.98 66.86 OK
r-release-linux-x86_64 1.0.5 13.13 54.45 67.58 OK
r-release-macos-arm64 1.0.5 33.00 OK
r-release-macos-x86_64 1.0.5 53.00 OK
r-release-windows-x86_64 1.0.5 14.00 82.00 96.00 NOTE
r-oldrel-macos-arm64 1.0.5 38.00 OK
r-oldrel-macos-x86_64 1.0.5 44.00 OK
r-oldrel-windows-x86_64 1.0.5 14.00 82.00 96.00 OK

Check Details

Version: 1.0.5
Check: C++ specification
Result: NOTE
     Specified C++11: please drop specification unless essential
Flavors: r-devel-windows-x86_64, r-release-windows-x86_64