CRAN Package Check Results for Package BSL

Last updated on 2019-09-19 13:46:06 CEST.

Flavor Version Tinstall Tcheck Ttotal Status Flags
r-devel-linux-x86_64-debian-clang 3.0.0 29.12 90.78 119.90 OK
r-devel-linux-x86_64-debian-gcc 3.0.0 27.64 71.83 99.47 OK
r-devel-linux-x86_64-fedora-clang 3.0.0 160.68 OK
r-devel-linux-x86_64-fedora-gcc 3.0.0 154.22 OK
r-devel-windows-ix86+x86_64 3.0.0 90.00 210.00 300.00 OK
r-patched-linux-x86_64 3.0.0 27.46 88.49 115.95 OK
r-patched-solaris-x86 3.0.0 210.40 OK
r-release-linux-x86_64 3.0.0 29.82 88.13 117.95 OK
r-release-windows-ix86+x86_64 3.0.0 56.00 141.00 197.00 OK
r-release-osx-x86_64 3.0.0 OK
r-oldrel-windows-ix86+x86_64 3.0.0 48.00 152.00 200.00 WARN
r-oldrel-osx-x86_64 3.0.0 OK

Check Details

Version: 3.0.0
Check: whether package can be installed
Result: WARN
    Found the following significant warnings:
     Warning: S3 methods '[.fun_list', '[.grouped_df', 'all.equal.tbl_df', 'anti_join.data.frame', 'anti_join.tbl_df', 'arrange.data.frame', 'arrange.default', 'arrange.grouped_df', 'arrange.tbl_df', 'arrange_.data.frame', 'arrange_.tbl_df', 'as.data.frame.grouped_df', 'as.data.frame.rowwise_df', 'as.data.frame.tbl_cube', 'as.table.tbl_cube', 'as.tbl.data.frame', 'as.tbl.tbl', 'as.tbl_cube.array', 'as.tbl_cube.data.frame', 'as.tbl_cube.matrix', 'as.tbl_cube.table', 'as_tibble.grouped_df', 'as_tibble.tbl_cube', 'auto_copy.tbl_cube', 'auto_copy.tbl_df', 'cbind.grouped_df', 'collapse.data.frame', 'collect.data.frame', 'common_by.NULL', 'common_by.character', 'common_by.default', 'common_by.list', 'compute.data.frame', 'copy_to.DBIConnection', 'copy_to.src_local', 'default_missing.data.frame', 'default_missing.default', 'dim.tbl_cube', 'distinct.data.frame', 'distinct.default', 'distinct.grouped_df', 'distinct.tbl_df', 'distinct_.data.frame', 'distinct_.grouped_df', 'distinct_.tbl_df', 'do.NULL', 'do.da [... truncated]
Flavor: r-oldrel-windows-ix86+x86_64