Last updated on 2022-06-28 09:49:45 CEST.
Flavor | Version | Tinstall | Tcheck | Ttotal | Status | Flags |
---|---|---|---|---|---|---|
r-devel-linux-x86_64-debian-clang | 3.2.4 | 53.28 | 140.69 | 193.97 | WARN | |
r-devel-linux-x86_64-debian-gcc | 3.2.4 | 44.48 | 102.83 | 147.31 | OK | |
r-devel-linux-x86_64-fedora-clang | 3.2.4 | 253.19 | WARN | |||
r-devel-linux-x86_64-fedora-gcc | 3.2.4 | 239.84 | NOTE | |||
r-devel-windows-x86_64 | 3.2.4 | 66.00 | 177.00 | 243.00 | OK | |
r-patched-linux-x86_64 | 3.2.4 | 49.04 | 131.83 | 180.87 | OK | |
r-release-linux-x86_64 | 3.2.4 | 47.04 | 130.82 | 177.86 | OK | |
r-release-macos-arm64 | 3.2.4 | 60.00 | NOTE | |||
r-release-macos-x86_64 | 3.2.4 | 121.00 | NOTE | |||
r-release-windows-x86_64 | 3.2.4 | 66.00 | 174.00 | 240.00 | OK | |
r-oldrel-macos-arm64 | 3.2.4 | 51.00 | NOTE | |||
r-oldrel-macos-x86_64 | 3.2.4 | 88.00 | NOTE | |||
r-oldrel-windows-ix86+x86_64 | 3.2.4 | 133.00 | 214.00 | 347.00 | OK |
Version: 3.2.4
Check: whether package can be installed
Result: WARN
Found the following significant warnings:
simulate_toad.cpp:155:17: warning: use of bitwise '|' with boolean operands [-Wbitwise-instead-of-logical]
simulate_toad.cpp:182:17: warning: use of bitwise '|' with boolean operands [-Wbitwise-instead-of-logical]
Flavors: r-devel-linux-x86_64-debian-clang, r-devel-linux-x86_64-fedora-clang
Version: 3.2.4
Check: dependencies in R code
Result: NOTE
Namespace in Imports field not imported from: ‘DBI’
All declared Imports should be used.
Flavors: r-devel-linux-x86_64-fedora-clang, r-devel-linux-x86_64-fedora-gcc, r-release-macos-arm64, r-release-macos-x86_64, r-oldrel-macos-arm64, r-oldrel-macos-x86_64