CRAN Package Check Results for Package BSL

Last updated on 2020-02-27 17:50:50 CET.

Flavor Version Tinstall Tcheck Ttotal Status Flags
r-devel-linux-x86_64-debian-clang 3.0.0 38.28 102.59 140.87 OK
r-devel-linux-x86_64-debian-gcc 3.0.0 27.66 79.36 107.02 OK
r-devel-linux-x86_64-fedora-clang 3.0.0 183.58 OK
r-devel-linux-x86_64-fedora-gcc 3.0.0 168.05 OK
r-devel-windows-ix86+x86_64 3.0.0 68.00 156.00 224.00 OK
r-devel-windows-ix86+x86_64-gcc8 3.0.0 79.00 162.00 241.00 OK
r-patched-linux-x86_64 3.0.0 30.17 89.60 119.77 OK
r-patched-solaris-x86 3.0.0 211.40 OK
r-release-linux-x86_64 3.0.0 28.79 89.14 117.93 OK
r-release-windows-ix86+x86_64 3.0.0 70.00 143.00 213.00 OK
r-release-osx-x86_64 3.0.0 OK
r-oldrel-windows-ix86+x86_64 3.0.0 54.00 140.00 194.00 WARN
r-oldrel-osx-x86_64 3.0.0 OK

Check Details

Version: 3.0.0
Check: whether package can be installed
Result: WARN
    Found the following significant warnings:
     Warning: S3 methods '[.fun_list', '[.grouped_df', 'all.equal.tbl_df', 'anti_join.data.frame', 'anti_join.tbl_df', 'arrange.data.frame', 'arrange.default', 'arrange.grouped_df', 'arrange.tbl_df', 'arrange_.data.frame', 'arrange_.tbl_df', 'as.data.frame.grouped_df', 'as.data.frame.rowwise_df', 'as.data.frame.tbl_cube', 'as.table.tbl_cube', 'as.tbl.data.frame', 'as.tbl.tbl', 'as.tbl_cube.array', 'as.tbl_cube.data.frame', 'as.tbl_cube.matrix', 'as.tbl_cube.table', 'as_tibble.grouped_df', 'as_tibble.tbl_cube', 'auto_copy.tbl_cube', 'auto_copy.tbl_df', 'cbind.grouped_df', 'collapse.data.frame', 'collect.data.frame', 'common_by.NULL', 'common_by.character', 'common_by.default', 'common_by.list', 'compute.data.frame', 'copy_to.DBIConnection', 'copy_to.src_local', 'default_missing.data.frame', 'default_missing.default', 'dim.tbl_cube', 'distinct.data.frame', 'distinct.default', 'distinct.grouped_df', 'distinct.tbl_df', 'distinct_.data.frame', 'distinct_.grouped_df', 'distinct_.tbl_df', 'do.NULL', 'do.da [... truncated]
Flavor: r-oldrel-windows-ix86+x86_64