CRAN Package Check Results for Package BTR

Last updated on 2018-11-18 14:46:27 CET.

Flavor Version Tinstall Tcheck Ttotal Status Flags
r-devel-linux-x86_64-debian-clang 1.2.4 27.31 48.31 75.62 OK
r-devel-linux-x86_64-debian-gcc 1.2.4 24.21 39.23 63.44 OK
r-devel-linux-x86_64-fedora-clang 1.2.4 100.11 NOTE
r-devel-linux-x86_64-fedora-gcc 1.2.4 93.86 NOTE
r-devel-windows-ix86+x86_64 1.2.4 66.00 115.00 181.00 OK
r-patched-linux-x86_64 1.2.4 30.45 46.59 77.04 OK
r-patched-solaris-x86 1.2.4 117.70 OK
r-release-linux-x86_64 1.2.4 28.97 46.68 75.65 OK
r-release-windows-ix86+x86_64 1.2.4 61.00 117.00 178.00 OK
r-release-osx-x86_64 1.2.4 OK
r-oldrel-windows-ix86+x86_64 1.2.4 64.00 80.00 144.00 OK
r-oldrel-osx-x86_64 1.2.4 OK

Check Details

Version: 1.2.4
Check: compiled code
Result: NOTE
    File ‘BTR/libs/BTR.so’:
     Found no calls to: ‘R_registerRoutines’, ‘R_useDynamicSymbols’
    
    It is good practice to register native routines and to disable symbol
    search.
    
    See ‘Writing portable packages’ in the ‘Writing R Extensions’ manual.
Flavors: r-devel-linux-x86_64-fedora-clang, r-devel-linux-x86_64-fedora-gcc