Last updated on 2019-02-21 01:50:36 CET.
Flavor | Version | Tinstall | Tcheck | Ttotal | Status | Flags |
---|---|---|---|---|---|---|
r-devel-linux-x86_64-debian-clang | 1.2.4 | 28.73 | 49.49 | 78.22 | OK | |
r-devel-linux-x86_64-debian-gcc | 1.2.4 | 22.70 | 39.28 | 61.98 | OK | |
r-devel-linux-x86_64-fedora-clang | 1.2.4 | 113.52 | NOTE | |||
r-devel-linux-x86_64-fedora-gcc | 1.2.4 | 100.02 | NOTE | |||
r-devel-windows-ix86+x86_64 | 1.2.4 | 67.00 | 118.00 | 185.00 | OK | |
r-patched-linux-x86_64 | 1.2.4 | OK | ||||
r-patched-solaris-x86 | 1.2.4 | 120.00 | OK | |||
r-release-linux-x86_64 | 1.2.4 | OK | ||||
r-release-windows-ix86+x86_64 | 1.2.4 | 46.00 | 116.00 | 162.00 | OK | |
r-release-osx-x86_64 | 1.2.4 | OK | ||||
r-oldrel-windows-ix86+x86_64 | 1.2.4 | 51.00 | 95.00 | 146.00 | OK | |
r-oldrel-osx-x86_64 | 1.2.4 | OK |
Version: 1.2.4
Check: compiled code
Result: NOTE
File ‘BTR/libs/BTR.so’:
Found no calls to: ‘R_registerRoutines’, ‘R_useDynamicSymbols’
It is good practice to register native routines and to disable symbol
search.
See ‘Writing portable packages’ in the ‘Writing R Extensions’ manual.
Flavors: r-devel-linux-x86_64-fedora-clang, r-devel-linux-x86_64-fedora-gcc