CRAN Package Check Results for Package BTR

Last updated on 2018-02-17 21:49:13 CET.

Flavor Version Tinstall Tcheck Ttotal Status Flags
r-devel-linux-x86_64-debian-clang 1.2.4 24.22 47.41 71.63 NOTE
r-devel-linux-x86_64-debian-gcc 1.2.4 19.43 37.04 56.47 NOTE
r-devel-linux-x86_64-fedora-clang 1.2.4 94.96 NOTE
r-devel-linux-x86_64-fedora-gcc 1.2.4 88.51 NOTE
r-devel-windows-ix86+x86_64 1.2.4 42.00 78.00 120.00 OK
r-patched-linux-x86_64 1.2.4 22.44 52.12 74.56 NOTE
r-patched-solaris-x86 1.2.4 107.90 OK
r-release-linux-x86_64 1.2.4 24.44 51.97 76.41 NOTE
r-release-windows-ix86+x86_64 1.2.4 59.00 118.00 177.00 OK
r-release-osx-x86_64 1.2.4 OK
r-oldrel-windows-ix86+x86_64 1.2.4 37.00 89.00 126.00 OK
r-oldrel-osx-x86_64 1.2.4 OK

Check Details

Version: 1.2.4
Check: compiled code
Result: NOTE
    File ‘BTR/libs/BTR.so’:
     Found no calls to: ‘R_registerRoutines’, ‘R_useDynamicSymbols’
    
    It is good practice to register native routines and to disable symbol
    search.
    
    See ‘Writing portable packages’ in the ‘Writing R Extensions’ manual.
Flavors: r-devel-linux-x86_64-debian-clang, r-devel-linux-x86_64-debian-gcc, r-devel-linux-x86_64-fedora-clang, r-devel-linux-x86_64-fedora-gcc, r-patched-linux-x86_64, r-release-linux-x86_64