CRAN Package Check Results for Package BTR

Last updated on 2018-05-26 16:47:32 CEST.

Flavor Version Tinstall Tcheck Ttotal Status Flags
r-devel-linux-x86_64-debian-clang 1.2.4 28.90 47.10 76.00 NOTE
r-devel-linux-x86_64-debian-gcc 1.2.4 21.66 38.83 60.49 NOTE
r-devel-linux-x86_64-fedora-clang 1.2.4 96.69 NOTE
r-devel-linux-x86_64-fedora-gcc 1.2.4 93.41 NOTE
r-devel-windows-ix86+x86_64 1.2.4 48.00 83.00 131.00 OK
r-patched-linux-x86_64 1.2.4 30.01 46.88 76.89 NOTE
r-patched-solaris-x86 1.2.4 109.80 OK
r-release-linux-x86_64 1.2.4 25.88 47.82 73.70 NOTE
r-release-windows-ix86+x86_64 1.2.4 68.00 119.00 187.00 OK
r-release-osx-x86_64 1.2.4 OK
r-oldrel-windows-ix86+x86_64 1.2.4 60.00 85.00 145.00 OK
r-oldrel-osx-x86_64 1.2.4 OK

Check Details

Version: 1.2.4
Check: compiled code
Result: NOTE
    File ‘BTR/libs/BTR.so’:
     Found no calls to: ‘R_registerRoutines’, ‘R_useDynamicSymbols’
    
    It is good practice to register native routines and to disable symbol
    search.
    
    See ‘Writing portable packages’ in the ‘Writing R Extensions’ manual.
Flavors: r-devel-linux-x86_64-debian-clang, r-devel-linux-x86_64-debian-gcc, r-devel-linux-x86_64-fedora-clang, r-devel-linux-x86_64-fedora-gcc, r-patched-linux-x86_64, r-release-linux-x86_64