CRAN Package Check Results for Package BTR

Last updated on 2018-08-19 07:47:13 CEST.

Flavor Version Tinstall Tcheck Ttotal Status Flags
r-devel-linux-x86_64-debian-clang 1.2.4 26.83 50.07 76.90 NOTE
r-devel-linux-x86_64-debian-gcc 1.2.4 23.38 40.35 63.73 NOTE
r-devel-linux-x86_64-fedora-clang 1.2.4 103.26 NOTE
r-devel-linux-x86_64-fedora-gcc 1.2.4 95.89 NOTE
r-devel-windows-ix86+x86_64 1.2.4 62.00 114.00 176.00 OK
r-patched-linux-x86_64 1.2.4 29.96 46.65 76.61 NOTE
r-patched-solaris-x86 1.2.4 113.90 OK
r-release-linux-x86_64 1.2.4 31.00 46.60 77.60 NOTE
r-release-windows-ix86+x86_64 1.2.4 66.00 109.00 175.00 OK
r-release-osx-x86_64 1.2.4 OK
r-oldrel-windows-ix86+x86_64 1.2.4 50.00 101.00 151.00 OK
r-oldrel-osx-x86_64 1.2.4 OK

Check Details

Version: 1.2.4
Check: compiled code
Result: NOTE
    File ‘BTR/libs/BTR.so’:
     Found no calls to: ‘R_registerRoutines’, ‘R_useDynamicSymbols’
    
    It is good practice to register native routines and to disable symbol
    search.
    
    See ‘Writing portable packages’ in the ‘Writing R Extensions’ manual.
Flavors: r-devel-linux-x86_64-debian-clang, r-devel-linux-x86_64-debian-gcc, r-devel-linux-x86_64-fedora-clang, r-devel-linux-x86_64-fedora-gcc, r-patched-linux-x86_64, r-release-linux-x86_64