CRAN Package Check Results for Package BTSPAS

Last updated on 2021-01-26 18:50:37 CET.

Flavor Version Tinstall Tcheck Ttotal Status Flags
r-devel-linux-x86_64-debian-clang 2021.1.1 10.31 95.47 105.78 OK
r-devel-linux-x86_64-debian-gcc 2021.1.1 8.68 71.13 79.81 OK
r-devel-linux-x86_64-fedora-clang 2021.1.1 135.14 NOTE
r-devel-linux-x86_64-fedora-gcc 2021.1.1 133.72 OK
r-devel-windows-ix86+x86_64 2021.1.1 26.00 120.00 146.00 NOTE
r-patched-linux-x86_64 2021.1.1 10.42 86.71 97.13 OK
r-patched-solaris-x86 2021.1.1 165.60 NOTE
r-release-linux-x86_64 2021.1.1 11.09 88.08 99.17 OK
r-release-macos-x86_64 2021.1.1 NOTE
r-release-windows-ix86+x86_64 2021.1.1 23.00 84.00 107.00 NOTE
r-oldrel-macos-x86_64 2021.1.1 NOTE
r-oldrel-windows-ix86+x86_64 2021.1.1 16.00 94.00 110.00 NOTE

Check Details

Version: 2021.1.1
Check: installed package size
Result: NOTE
     installed size is 5.2Mb
     sub-directories of 1Mb or more:
     doc 4.8Mb
Flavors: r-devel-linux-x86_64-fedora-clang, r-devel-windows-ix86+x86_64, r-patched-solaris-x86, r-release-macos-x86_64, r-release-windows-ix86+x86_64, r-oldrel-macos-x86_64, r-oldrel-windows-ix86+x86_64