CRAN Package Check Results for Package BTYDplus

Last updated on 2018-08-16 22:50:22 CEST.

Flavor Version Tinstall Tcheck Ttotal Status Flags
r-devel-linux-x86_64-debian-clang 1.0.1 25.43 409.50 434.93 NOTE
r-devel-linux-x86_64-debian-gcc 1.0.1 18.33 286.47 304.80 NOTE
r-devel-linux-x86_64-fedora-clang 1.0.1 523.23 NOTE
r-devel-linux-x86_64-fedora-gcc 1.0.1 512.62 NOTE
r-devel-windows-ix86+x86_64 1.0.1 52.00 605.00 657.00 OK --no-vignettes
r-patched-linux-x86_64 1.0.1 21.66 379.91 401.57 NOTE
r-patched-solaris-x86 1.0.1 764.80 OK
r-release-linux-x86_64 1.0.1 23.10 377.12 400.22 NOTE
r-release-windows-ix86+x86_64 1.0.1 53.00 460.00 513.00 OK --no-vignettes
r-release-osx-x86_64 1.0.1 OK
r-oldrel-windows-ix86+x86_64 1.0.1 47.00 392.00 439.00 OK --no-vignettes
r-oldrel-osx-x86_64 1.0.1 NOTE

Check Details

Version: 1.0.1
Check: compiled code
Result: NOTE
    File ‘BTYDplus/libs/BTYDplus.so’:
     Found no calls to: ‘R_registerRoutines’, ‘R_useDynamicSymbols’
    
    It is good practice to register native routines and to disable symbol
    search.
    
    See ‘Writing portable packages’ in the ‘Writing R Extensions’ manual.
Flavors: r-devel-linux-x86_64-debian-clang, r-devel-linux-x86_64-debian-gcc, r-devel-linux-x86_64-fedora-clang, r-devel-linux-x86_64-fedora-gcc, r-patched-linux-x86_64, r-release-linux-x86_64

Version: 1.0.1
Check: package dependencies
Result: NOTE
    Package suggested but not available for checking: ‘gsl’
Flavor: r-oldrel-osx-x86_64