CRAN Package Check Results for Package BVSNLP

Last updated on 2022-11-28 17:52:51 CET.

Flavor Version Tinstall Tcheck Ttotal Status Flags
r-devel-linux-x86_64-debian-clang 1.1.9 67.46 44.51 111.97 NOTE
r-devel-linux-x86_64-debian-gcc 1.1.9 70.64 34.91 105.55 NOTE
r-devel-linux-x86_64-fedora-clang 1.1.9 180.91 NOTE
r-devel-linux-x86_64-fedora-gcc 1.1.9 178.80 NOTE
r-devel-windows-x86_64 1.1.9 63.00 100.00 163.00 NOTE
r-patched-linux-x86_64 1.1.9 63.67 43.41 107.08 NOTE
r-release-linux-x86_64 1.1.9 71.90 44.00 115.90 NOTE
r-release-macos-arm64 1.1.9 47.00 NOTE
r-release-macos-x86_64 1.1.9 56.00 NOTE
r-release-windows-x86_64 1.1.9 61.00 99.00 160.00 NOTE
r-oldrel-macos-arm64 1.1.9 53.00 NOTE
r-oldrel-macos-x86_64 1.1.9 84.00 NOTE
r-oldrel-windows-ix86+x86_64 1.1.9 171.00 113.00 284.00 NOTE

Check Details

Version: 1.1.9
Check: LazyData
Result: NOTE
     'LazyData' is specified without a 'data' directory
Flavors: r-devel-linux-x86_64-debian-clang, r-devel-linux-x86_64-debian-gcc, r-devel-linux-x86_64-fedora-clang, r-devel-linux-x86_64-fedora-gcc, r-devel-windows-x86_64, r-patched-linux-x86_64, r-release-linux-x86_64, r-release-macos-arm64, r-release-macos-x86_64, r-release-windows-x86_64, r-oldrel-macos-arm64, r-oldrel-macos-x86_64, r-oldrel-windows-ix86+x86_64

Version: 1.1.9
Check: package dependencies
Result: NOTE
    Package suggested but not available for checking: ‘doMPI’
Flavors: r-release-macos-arm64, r-release-macos-x86_64, r-oldrel-macos-arm64, r-oldrel-macos-x86_64

Version: 1.1.9
Check: installed package size
Result: NOTE
     installed size is 19.3Mb
     sub-directories of 1Mb or more:
     libs 19.1Mb
Flavors: r-release-macos-arm64, r-release-macos-x86_64, r-oldrel-macos-arm64, r-oldrel-macos-x86_64