CRAN Package Check Results for Package BVSNLP

Last updated on 2020-02-19 18:47:22 CET.

Flavor Version Tinstall Tcheck Ttotal Status Flags
r-devel-linux-x86_64-debian-clang 1.1.8 70.27 37.62 107.89 OK
r-devel-linux-x86_64-debian-gcc 1.1.8 60.21 29.67 89.88 OK
r-devel-linux-x86_64-fedora-clang 1.1.8 144.50 NOTE
r-devel-linux-x86_64-fedora-gcc 1.1.8 153.77 OK
r-devel-windows-ix86+x86_64 1.1.8 113.00 96.00 209.00 OK
r-devel-windows-ix86+x86_64-gcc8 1.1.8 177.00 109.00 286.00 OK
r-patched-linux-x86_64 1.1.8 67.83 36.00 103.83 OK
r-patched-solaris-x86 1.1.8 163.40 OK
r-release-linux-x86_64 1.1.8 69.87 36.41 106.28 OK
r-release-windows-ix86+x86_64 1.1.8 123.00 86.00 209.00 OK
r-release-osx-x86_64 1.1.8 NOTE
r-oldrel-windows-ix86+x86_64 1.1.8 106.00 85.00 191.00 OK
r-oldrel-osx-x86_64 1.1.8 NOTE

Check Details

Version: 1.1.8
Check: installed package size
Result: NOTE
     installed size is 17.5Mb
     sub-directories of 1Mb or more:
     libs 17.3Mb
Flavors: r-devel-linux-x86_64-fedora-clang, r-release-osx-x86_64, r-oldrel-osx-x86_64

Version: 1.1.8
Check: package dependencies
Result: NOTE
    Package suggested but not available for checking: ‘doMPI’
Flavors: r-release-osx-x86_64, r-oldrel-osx-x86_64