CRAN Package Check Results for Package BaTFLED3D

Last updated on 2018-05-23 18:52:18 CEST.

Flavor Version Tinstall Tcheck Ttotal Status Flags
r-devel-linux-x86_64-debian-clang 0.2.11 8.62 116.33 124.95 OK
r-devel-linux-x86_64-debian-gcc 0.2.11 7.68 86.92 94.60 OK
r-devel-linux-x86_64-fedora-clang 0.2.11 149.20 OK
r-devel-linux-x86_64-fedora-gcc 0.2.11 152.70 OK
r-devel-windows-ix86+x86_64 0.2.11 17.00 177.00 194.00 NOTE
r-patched-linux-x86_64 0.2.11 10.51 110.90 121.41 OK
r-patched-solaris-x86 0.2.11 179.70 OK
r-release-linux-x86_64 0.2.11 9.47 110.29 119.76 OK
r-release-windows-ix86+x86_64 0.2.11 17.00 160.00 177.00 NOTE
r-release-osx-x86_64 0.2.11 OK
r-oldrel-windows-ix86+x86_64 0.2.11 7.00 165.00 172.00 NOTE
r-oldrel-osx-x86_64 0.2.11 OK

Check Details

Version: 0.2.11
Check: package dependencies
Result: NOTE
    Package suggested but not available for checking: 'doMC'
Flavors: r-devel-windows-ix86+x86_64, r-release-windows-ix86+x86_64, r-oldrel-windows-ix86+x86_64