CRAN Package Check Results for Package BaTFLED3D

Last updated on 2018-02-18 10:47:28 CET.

Flavor Version Tinstall Tcheck Ttotal Status Flags
r-devel-linux-x86_64-debian-clang 0.2.11 9.73 120.41 130.14 OK
r-devel-linux-x86_64-debian-gcc 0.2.11 7.90 84.69 92.59 OK
r-devel-linux-x86_64-fedora-clang 0.2.11 144.47 OK
r-devel-linux-x86_64-fedora-gcc 0.2.11 142.04 OK
r-devel-windows-ix86+x86_64 0.2.11 14.00 107.00 121.00 NOTE
r-patched-linux-x86_64 0.2.11 1.35 124.15 125.50 OK
r-patched-solaris-x86 0.2.11 155.40 OK
r-release-linux-x86_64 0.2.11 1.49 121.92 123.41 OK
r-release-windows-ix86+x86_64 0.2.11 6.00 157.00 163.00 NOTE
r-release-osx-x86_64 0.2.11 OK
r-oldrel-windows-ix86+x86_64 0.2.11 4.00 131.00 135.00 NOTE
r-oldrel-osx-x86_64 0.2.11 OK

Check Details

Version: 0.2.11
Check: package dependencies
Result: NOTE
    Package suggested but not available for checking: 'doMC'
Flavors: r-devel-windows-ix86+x86_64, r-release-windows-ix86+x86_64, r-oldrel-windows-ix86+x86_64