CRAN Package Check Results for Package BaTFLED3D

Last updated on 2018-11-20 19:47:35 CET.

Flavor Version Tinstall Tcheck Ttotal Status Flags
r-devel-linux-x86_64-debian-clang 0.2.11 9.16 111.33 120.49 OK
r-devel-linux-x86_64-debian-gcc 0.2.11 8.14 84.73 92.87 OK
r-devel-linux-x86_64-fedora-clang 0.2.11 140.30 OK
r-devel-linux-x86_64-fedora-gcc 0.2.11 139.97 OK
r-devel-windows-ix86+x86_64 0.2.11 17.00 160.00 177.00 NOTE
r-patched-linux-x86_64 0.2.11 7.01 111.63 118.64 OK
r-patched-solaris-x86 0.2.11 178.90 OK
r-release-linux-x86_64 0.2.11 9.03 111.35 120.38 OK
r-release-windows-ix86+x86_64 0.2.11 12.00 161.00 173.00 NOTE
r-release-osx-x86_64 0.2.11 OK
r-oldrel-windows-ix86+x86_64 0.2.11 5.00 117.00 122.00 NOTE
r-oldrel-osx-x86_64 0.2.11 OK

Check Details

Version: 0.2.11
Check: package dependencies
Result: NOTE
    Package suggested but not available for checking: 'doMC'
Flavors: r-devel-windows-ix86+x86_64, r-release-windows-ix86+x86_64, r-oldrel-windows-ix86+x86_64