CRAN Package Check Results for Package BaTFLED3D

Last updated on 2019-02-20 13:46:18 CET.

Flavor Version Tinstall Tcheck Ttotal Status Flags
r-devel-linux-x86_64-debian-clang 0.2.11 10.69 115.08 125.77 OK
r-devel-linux-x86_64-debian-gcc 0.2.11 8.96 84.95 93.91 OK
r-devel-linux-x86_64-fedora-clang 0.2.11 143.67 OK
r-devel-linux-x86_64-fedora-gcc 0.2.11 134.57 OK
r-devel-windows-ix86+x86_64 0.2.11 16.00 154.00 170.00 NOTE
r-patched-linux-x86_64 0.2.11 OK
r-patched-solaris-x86 0.2.11 180.20 OK
r-release-linux-x86_64 0.2.11 OK
r-release-windows-ix86+x86_64 0.2.11 11.00 159.00 170.00 NOTE
r-release-osx-x86_64 0.2.11 OK
r-oldrel-windows-ix86+x86_64 0.2.11 5.00 130.00 135.00 NOTE
r-oldrel-osx-x86_64 0.2.11 OK

Check Details

Version: 0.2.11
Check: package dependencies
Result: NOTE
    Package suggested but not available for checking: 'doMC'
Flavors: r-devel-windows-ix86+x86_64, r-release-windows-ix86+x86_64, r-oldrel-windows-ix86+x86_64