CRAN Package Check Results for Package BaTFLED3D

Last updated on 2018-08-21 21:50:55 CEST.

Flavor Version Tinstall Tcheck Ttotal Status Flags
r-devel-linux-x86_64-debian-clang 0.2.11 10.43 112.94 123.37 OK
r-devel-linux-x86_64-debian-gcc 0.2.11 7.78 87.14 94.92 OK
r-devel-linux-x86_64-fedora-clang 0.2.11 144.49 OK
r-devel-linux-x86_64-fedora-gcc 0.2.11 138.99 OK
r-devel-windows-ix86+x86_64 0.2.11 17.00 152.00 169.00 NOTE
r-patched-linux-x86_64 0.2.11 8.87 111.85 120.72 OK
r-patched-solaris-x86 0.2.11 183.60 OK
r-release-linux-x86_64 0.2.11 8.89 111.25 120.14 OK
r-release-windows-ix86+x86_64 0.2.11 16.00 124.00 140.00 NOTE
r-release-osx-x86_64 0.2.11 OK
r-oldrel-windows-ix86+x86_64 0.2.11 3.00 129.00 132.00 NOTE
r-oldrel-osx-x86_64 0.2.11 OK

Check Details

Version: 0.2.11
Check: package dependencies
Result: NOTE
    Package suggested but not available for checking: 'doMC'
Flavors: r-devel-windows-ix86+x86_64, r-release-windows-ix86+x86_64, r-oldrel-windows-ix86+x86_64