CRAN Package Check Results for Package BacArena

Last updated on 2018-11-17 12:51:15 CET.

Flavor Version Tinstall Tcheck Ttotal Status Flags
r-devel-linux-x86_64-debian-clang 1.7 73.56 286.28 359.84 OK
r-devel-linux-x86_64-debian-gcc 1.7 62.79 224.86 287.65 OK
r-devel-linux-x86_64-fedora-clang 1.7 471.93 NOTE
r-devel-linux-x86_64-fedora-gcc 1.7 442.24 OK
r-devel-windows-ix86+x86_64 1.7 164.00 509.00 673.00 NOTE
r-patched-linux-x86_64 1.7 81.80 285.77 367.57 OK
r-patched-solaris-x86 1.7 616.40 NOTE
r-release-linux-x86_64 1.7 82.00 281.47 363.47 OK
r-release-windows-ix86+x86_64 1.7 167.00 489.00 656.00 NOTE
r-release-osx-x86_64 1.7 NOTE
r-oldrel-windows-ix86+x86_64 1.7 140.00 510.00 650.00 NOTE
r-oldrel-osx-x86_64 1.7 NOTE

Check Details

Version: 1.7
Check: installed package size
Result: NOTE
     installed size is 10.6Mb
     sub-directories of 1Mb or more:
     data 6.0Mb
     libs 3.0Mb
Flavors: r-devel-linux-x86_64-fedora-clang, r-devel-windows-ix86+x86_64, r-patched-solaris-x86, r-release-windows-ix86+x86_64, r-release-osx-x86_64, r-oldrel-windows-ix86+x86_64, r-oldrel-osx-x86_64