CRAN Package Check Results for Package BacArena

Last updated on 2018-02-21 22:47:50 CET.

Flavor Version Tinstall Tcheck Ttotal Status Flags
r-devel-linux-x86_64-debian-clang 1.6 61.08 327.27 388.35 OK
r-devel-linux-x86_64-debian-gcc 1.6 56.08 243.93 300.01 OK
r-devel-linux-x86_64-fedora-clang 1.6 470.48 NOTE
r-devel-linux-x86_64-fedora-gcc 1.6 460.07 NOTE
r-devel-windows-ix86+x86_64 1.6 105.00 372.00 477.00 NOTE
r-patched-linux-x86_64 1.6 55.80 340.62 396.42 OK
r-patched-solaris-x86 1.6 592.70 NOTE
r-release-linux-x86_64 1.6 49.85 333.90 383.75 OK
r-release-windows-ix86+x86_64 1.6 144.00 546.00 690.00 NOTE
r-release-osx-x86_64 1.6 ERROR
r-oldrel-windows-ix86+x86_64 1.6 107.00 407.00 514.00 NOTE
r-oldrel-osx-x86_64 1.6 NOTE

Check Details

Version: 1.6
Check: installed package size
Result: NOTE
     installed size is 7.9Mb
     sub-directories of 1Mb or more:
     data 3.6Mb
     libs 2.8Mb
Flavors: r-devel-linux-x86_64-fedora-clang, r-devel-linux-x86_64-fedora-gcc, r-devel-windows-ix86+x86_64, r-patched-solaris-x86, r-release-windows-ix86+x86_64, r-oldrel-windows-ix86+x86_64, r-oldrel-osx-x86_64

Version: 1.6
Check: package dependencies
Result: NOTE
    Package suggested but not available for checking: 'sybilSBML'
Flavors: r-devel-windows-ix86+x86_64, r-patched-solaris-x86, r-oldrel-osx-x86_64

Version: 1.6
Check: package dependencies
Result: ERROR
    Package required but not available: ‘glpkAPI’
    
    Package suggested but not available for checking: ‘sybilSBML’
    
    See section ‘The DESCRIPTION file’ in the ‘Writing R Extensions’
    manual.
Flavor: r-release-osx-x86_64