CRAN Package Check Results for Package BacArena

Last updated on 2018-08-21 10:50:16 CEST.

Flavor Version Tinstall Tcheck Ttotal Status Flags
r-devel-linux-x86_64-debian-clang 1.7 63.46 297.30 360.76 OK
r-devel-linux-x86_64-debian-gcc 1.7 64.25 234.49 298.74 OK
r-devel-linux-x86_64-fedora-clang 1.7 461.55 NOTE
r-devel-linux-x86_64-fedora-gcc 1.7 462.71 OK
r-devel-windows-ix86+x86_64 1.7 153.00 530.00 683.00 NOTE
r-patched-linux-x86_64 1.7 70.90 285.25 356.15 OK
r-patched-solaris-x86 1.7 637.70 NOTE
r-release-linux-x86_64 1.7 71.43 287.98 359.41 OK
r-release-windows-ix86+x86_64 1.7 157.00 411.00 568.00 NOTE
r-release-osx-x86_64 1.7 NOTE
r-oldrel-windows-ix86+x86_64 1.7 90.00 452.00 542.00 NOTE
r-oldrel-osx-x86_64 1.7 NOTE

Check Details

Version: 1.7
Check: installed package size
Result: NOTE
     installed size is 10.6Mb
     sub-directories of 1Mb or more:
     data 6.0Mb
     libs 2.9Mb
Flavors: r-devel-linux-x86_64-fedora-clang, r-devel-windows-ix86+x86_64, r-patched-solaris-x86, r-release-windows-ix86+x86_64, r-release-osx-x86_64, r-oldrel-windows-ix86+x86_64, r-oldrel-osx-x86_64