CRAN Package Check Results for Package BacArena

Last updated on 2019-02-17 21:47:25 CET.

Flavor Version Tinstall Tcheck Ttotal Status Flags
r-devel-linux-x86_64-debian-clang 1.7 70.60 294.39 364.99 OK
r-devel-linux-x86_64-debian-gcc 1.8 61.72 240.73 302.45 OK
r-devel-linux-x86_64-fedora-clang 1.8 485.17 NOTE
r-devel-linux-x86_64-fedora-gcc 1.8 264.10 NOTE
r-devel-windows-ix86+x86_64 1.8 159.00 540.00 699.00 NOTE
r-patched-linux-x86_64 1.8 72.57 311.41 383.98 OK
r-patched-solaris-x86 1.8 557.90 NOTE
r-release-linux-x86_64 1.8 OK
r-release-windows-ix86+x86_64 1.8 146.00 550.00 696.00 NOTE
r-release-osx-x86_64 1.8 NOTE
r-oldrel-windows-ix86+x86_64 1.7 143.00 440.00 583.00 NOTE
r-oldrel-osx-x86_64 1.8 NOTE

Check Details

Version: 1.8
Check: installed package size
Result: NOTE
     installed size is 7.8Mb
     sub-directories of 1Mb or more:
     data 3.3Mb
     libs 2.8Mb
Flavors: r-devel-linux-x86_64-fedora-clang, r-devel-windows-ix86+x86_64, r-patched-solaris-x86, r-release-windows-ix86+x86_64, r-release-osx-x86_64, r-oldrel-osx-x86_64

Version: 1.8
Check: dependencies in R code
Result: NOTE
    Namespace in Imports field not imported from: ‘glpkAPI’
     All declared Imports should be used.
Flavors: r-devel-linux-x86_64-fedora-clang, r-devel-linux-x86_64-fedora-gcc, r-patched-solaris-x86, r-release-osx-x86_64, r-oldrel-osx-x86_64

Version: 1.7
Check: installed package size
Result: NOTE
     installed size is 8.9Mb
     sub-directories of 1Mb or more:
     data 6.0Mb
     libs 1.8Mb
Flavor: r-oldrel-windows-ix86+x86_64