CRAN Package Check Results for Package BarcodingR

Last updated on 2024-03-04 21:50:58 CET.

Flavor Version Tinstall Tcheck Ttotal Status Flags
r-devel-linux-x86_64-debian-clang 1.0-3 8.45 67.41 75.86 NOTE
r-devel-linux-x86_64-debian-gcc 1.0-3 6.08 50.66 56.74 NOTE
r-devel-linux-x86_64-fedora-clang 1.0-3 91.58 NOTE
r-devel-linux-x86_64-fedora-gcc 1.0-3 89.16 NOTE
r-devel-windows-x86_64 1.0-3 7.00 71.00 78.00 NOTE
r-patched-linux-x86_64 1.0-3 7.02 66.52 73.54 OK
r-release-linux-x86_64 1.0-3 8.38 66.40 74.78 OK
r-release-macos-arm64 1.0-3 32.00 OK
r-release-macos-x86_64 1.0-3 49.00 OK
r-release-windows-x86_64 1.0-3 10.00 79.00 89.00 OK
r-oldrel-macos-arm64 1.0-3 32.00 OK
r-oldrel-windows-x86_64 1.0-3 9.00 80.00 89.00 OK

Check Details

Version: 1.0-3
Check: Rd files
Result: NOTE checkRd: (-1) barcoding.spe.identify2.Rd:27: Lost braces; missing escapes or markup? 27 | read.dna() from package {ape} was used to obtain DNAbin object for unaligned non-coding barcodes. | ^ Flavors: r-devel-linux-x86_64-debian-clang, r-devel-linux-x86_64-debian-gcc, r-devel-linux-x86_64-fedora-clang, r-devel-linux-x86_64-fedora-gcc, r-devel-windows-x86_64