CRAN Package Check Results for Package BasketballAnalyzeR

Last updated on 2024-02-25 23:02:01 CET.

Flavor Version Tinstall Tcheck Ttotal Status Flags
r-devel-linux-x86_64-debian-clang 0.5.0 19.26 191.57 210.83 OK
r-devel-linux-x86_64-debian-gcc 0.5.0 14.18 141.51 155.69 OK
r-devel-linux-x86_64-fedora-clang 0.5.0 266.01 NOTE
r-devel-linux-x86_64-fedora-gcc 0.5.0 247.31 NOTE
r-devel-windows-x86_64 0.5.0 17.00 152.00 169.00 OK
r-patched-linux-x86_64 0.5.0 22.16 183.12 205.28 OK
r-release-linux-x86_64 0.5.0 16.74 184.33 201.07 OK
r-release-macos-arm64 0.5.0 73.00 OK
r-release-macos-x86_64 0.5.0 120.00 OK
r-release-windows-x86_64 0.5.0 22.00 210.00 232.00 OK
r-oldrel-macos-arm64 0.5.0 68.00 NOTE
r-oldrel-windows-x86_64 0.5.0 22.00 196.00 218.00 OK

Check Details

Version: 0.5.0
Check: package dependencies
Result: NOTE Imports includes 25 non-default packages. Importing from so many packages makes the package vulnerable to any of them becoming unavailable. Move as many as possible to Suggests and use conditionally. Flavor: r-devel-linux-x86_64-fedora-clang

Version: 0.5.0
Check: dependencies in R code
Result: NOTE Namespaces in Imports field not imported from: ‘circlize’ ‘hexbin’ ‘scales’ ‘sna’ All declared Imports should be used. Flavors: r-devel-linux-x86_64-fedora-clang, r-devel-linux-x86_64-fedora-gcc, r-oldrel-macos-arm64