CRAN Package Check Results for Package BatchGetSymbols

Last updated on 2018-11-18 10:49:50 CET.

Flavor Version Tinstall Tcheck Ttotal Status Flags
r-devel-linux-x86_64-debian-clang 2.2 2.77 40.01 42.78 OK
r-devel-linux-x86_64-debian-gcc 2.2 1.86 31.49 33.35 OK
r-devel-linux-x86_64-fedora-clang 2.2 49.58 OK
r-devel-linux-x86_64-fedora-gcc 2.2 48.10 OK
r-devel-windows-ix86+x86_64 2.2 8.00 82.00 90.00 OK
r-patched-linux-x86_64 2.2 2.60 38.04 40.64 OK
r-patched-solaris-x86 2.2 76.70 OK
r-release-linux-x86_64 2.2 2.62 38.40 41.02 OK
r-release-windows-ix86+x86_64 2.2 7.00 78.00 85.00 OK
r-release-osx-x86_64 2.2 WARN
r-oldrel-windows-ix86+x86_64 2.2 6.00 65.00 71.00 OK
r-oldrel-osx-x86_64 2.2 OK

Check Details

Version: 2.2
Check: whether package can be installed
Result: WARN
    Found the following significant warnings:
     Warning: package ‘dplyr’ was built under R version 3.5.1
Flavor: r-release-osx-x86_64