CRAN Package Check Results for Package BatchMap

Last updated on 2018-05-23 03:48:05 CEST.

Flavor Version Tinstall Tcheck Ttotal Status Flags
r-devel-linux-x86_64-debian-clang 1.0.2.0 76.10 151.54 227.64 OK
r-devel-linux-x86_64-debian-gcc 1.0.2.0 73.38 116.66 190.04 OK
r-devel-linux-x86_64-fedora-clang 1.0.2.0 309.63 OK
r-devel-linux-x86_64-fedora-gcc 1.0.2.0 312.93 NOTE
r-devel-windows-ix86+x86_64 1.0.2.0 182.00 262.00 444.00 OK
r-patched-linux-x86_64 1.0.2.0 85.56 142.88 228.44 OK
r-patched-solaris-x86 1.0.2.0 413.60 OK
r-release-linux-x86_64 1.0.2.0 88.46 143.63 232.09 OK
r-release-windows-ix86+x86_64 1.0.2.0 234.00 257.00 491.00 OK
r-release-osx-x86_64 1.0.2.0 OK
r-oldrel-windows-ix86+x86_64 1.0.2.0 234.00 279.00 513.00 OK
r-oldrel-osx-x86_64 1.0.2.0 OK

Additional issues

clang-UBSAN

Check Details

Version: 1.0.2.0
Check: installed package size
Result: NOTE
     installed size is 5.4Mb
     sub-directories of 1Mb or more:
     libs 4.2Mb
Flavor: r-devel-linux-x86_64-fedora-gcc