CRAN Package Check Results for Package BatchMap

Last updated on 2018-02-24 20:48:16 CET.

Flavor Version Tinstall Tcheck Ttotal Status Flags
r-devel-linux-x86_64-debian-clang 1.0.2.0 85.78 145.67 231.45 OK
r-devel-linux-x86_64-debian-gcc 1.0.2.0 72.69 114.88 187.57 OK
r-devel-linux-x86_64-fedora-clang 1.0.2.0 305.17 OK
r-devel-linux-x86_64-fedora-gcc 1.0.2.0 316.19 NOTE
r-devel-windows-ix86+x86_64 1.0.2.0 229.00 252.00 481.00 OK
r-patched-linux-x86_64 1.0.2.0 83.62 164.75 248.37 OK
r-patched-solaris-x86 1.0.2.0 396.80 OK
r-release-linux-x86_64 1.0.2.0 81.23 161.08 242.31 OK
r-release-windows-ix86+x86_64 1.0.2.0 233.00 273.00 506.00 OK
r-release-osx-x86_64 1.0.2.0 OK
r-oldrel-windows-ix86+x86_64 1.0.2.0 175.00 208.00 383.00 OK
r-oldrel-osx-x86_64 1.0.2.0 OK

Additional issues

clang-UBSAN

Check Details

Version: 1.0.2.0
Check: installed package size
Result: NOTE
     installed size is 5.4Mb
     sub-directories of 1Mb or more:
     libs 4.2Mb
Flavor: r-devel-linux-x86_64-fedora-gcc