CRAN Package Check Results for Package BayesCR

Last updated on 2018-04-25 14:47:41 CEST.

Flavor Version Tinstall Tcheck Ttotal Status Flags
r-devel-linux-x86_64-debian-clang 2.1 4.78 28.66 33.44 NOTE
r-devel-linux-x86_64-debian-gcc 2.1 2.88 22.51 25.39 NOTE
r-devel-linux-x86_64-fedora-clang 2.1 40.38 NOTE
r-devel-linux-x86_64-fedora-gcc 2.1 37.23 NOTE
r-devel-windows-ix86+x86_64 2.1 8.00 56.00 64.00 OK
r-patched-linux-x86_64 2.1 4.82 28.41 33.23 NOTE
r-patched-solaris-x86 2.1 58.60 OK
r-release-linux-x86_64 2.1 3.43 28.44 31.87 NOTE
r-release-windows-ix86+x86_64 2.1 8.00 56.00 64.00 OK
r-release-osx-x86_64 2.1 OK
r-oldrel-windows-ix86+x86_64 2.1 5.00 51.00 56.00 OK
r-oldrel-osx-x86_64 2.1 OK

Check Details

Version: 2.1
Check: DESCRIPTION meta-information
Result: NOTE
    Dependence on R version ‘3.4.1’ not with patchlevel 0
Flavors: r-devel-linux-x86_64-debian-clang, r-devel-linux-x86_64-debian-gcc, r-devel-linux-x86_64-fedora-clang, r-devel-linux-x86_64-fedora-gcc, r-patched-linux-x86_64, r-release-linux-x86_64