CRAN Package Check Results for Package BayesCR

Last updated on 2018-10-20 03:50:08 CEST.

Flavor Version Tinstall Tcheck Ttotal Status Flags
r-devel-linux-x86_64-debian-clang 2.1 4.40 30.35 34.75 NOTE
r-devel-linux-x86_64-debian-gcc 2.1 3.01 24.62 27.63 NOTE
r-devel-linux-x86_64-fedora-clang 2.1 41.20 NOTE
r-devel-linux-x86_64-fedora-gcc 2.1 39.43 NOTE
r-devel-windows-ix86+x86_64 2.1 8.00 50.00 58.00 OK
r-patched-linux-x86_64 2.1 3.98 28.57 32.55 NOTE
r-patched-solaris-x86 2.1 56.20 OK
r-release-linux-x86_64 2.1 3.64 28.91 32.55 NOTE
r-release-windows-ix86+x86_64 2.1 6.00 57.00 63.00 OK
r-release-osx-x86_64 2.1 OK
r-oldrel-windows-ix86+x86_64 2.1 3.00 51.00 54.00 OK
r-oldrel-osx-x86_64 2.1 OK

Check Details

Version: 2.1
Check: DESCRIPTION meta-information
Result: NOTE
    Dependence on R version ‘3.4.1’ not with patchlevel 0
Flavors: r-devel-linux-x86_64-debian-clang, r-devel-linux-x86_64-debian-gcc, r-devel-linux-x86_64-fedora-clang, r-devel-linux-x86_64-fedora-gcc, r-patched-linux-x86_64, r-release-linux-x86_64