CRAN Package Check Results for Package BayesCR

Last updated on 2018-07-21 02:47:24 CEST.

Flavor Version Tinstall Tcheck Ttotal Status Flags
r-devel-linux-x86_64-debian-clang 2.1 4.80 29.79 34.59 NOTE
r-devel-linux-x86_64-debian-gcc 2.1 3.34 23.68 27.02 NOTE
r-devel-linux-x86_64-fedora-clang 2.1 41.47 NOTE
r-devel-linux-x86_64-fedora-gcc 2.1 38.29 NOTE
r-devel-windows-ix86+x86_64 2.1 7.00 54.00 61.00 OK
r-patched-linux-x86_64 2.1 NOTE
r-patched-solaris-x86 2.1 56.90 OK
r-release-linux-x86_64 2.1 4.52 28.89 33.41 NOTE
r-release-windows-ix86+x86_64 2.1 9.00 42.00 51.00 OK
r-release-osx-x86_64 2.1 OK
r-oldrel-windows-ix86+x86_64 2.1 4.00 54.00 58.00 OK
r-oldrel-osx-x86_64 2.1 OK

Check Details

Version: 2.1
Check: DESCRIPTION meta-information
Result: NOTE
    Dependence on R version ‘3.4.1’ not with patchlevel 0
Flavors: r-devel-linux-x86_64-debian-clang, r-devel-linux-x86_64-debian-gcc, r-devel-linux-x86_64-fedora-clang, r-devel-linux-x86_64-fedora-gcc, r-patched-linux-x86_64, r-release-linux-x86_64