CRAN Package Check Results for Package BayesCR

Last updated on 2018-01-21 02:46:58 CET.

Flavor Version Tinstall Tcheck Ttotal Status Flags
r-devel-linux-x86_64-debian-clang 2.1 1.09 30.41 31.50 NOTE
r-devel-linux-x86_64-debian-gcc 2.1 0.74 23.72 24.46 NOTE
r-devel-linux-x86_64-fedora-clang 2.1 35.51 NOTE
r-devel-linux-x86_64-fedora-gcc 2.1 34.55 NOTE
r-devel-windows-ix86+x86_64 2.1 6.00 55.00 61.00 OK
r-patched-linux-x86_64 2.1 1.15 28.70 29.85 OK
r-patched-solaris-x86 2.1 51.00 OK
r-release-linux-x86_64 2.1 1.22 28.53 29.75 OK
r-release-windows-ix86+x86_64 2.1 5.00 59.00 64.00 OK
r-release-osx-x86_64 2.1 OK
r-oldrel-windows-ix86+x86_64 2.0 3.00 57.00 60.00 NOTE
r-oldrel-osx-x86_64 2.1 ERROR

Check Details

Version: 2.1
Check: DESCRIPTION meta-information
Result: NOTE
    Dependence on R version ‘3.4.1’ not with patchlevel 0
Flavors: r-devel-linux-x86_64-debian-clang, r-devel-linux-x86_64-debian-gcc, r-devel-linux-x86_64-fedora-clang, r-devel-linux-x86_64-fedora-gcc

Version: 2.0
Check: R code for possible problems
Result: NOTE
    AcumNormalC: no visible global function definition for 'pnorm'
    AcumSlash : f1: no visible global function definition for 'pnorm'
    AcumSlash: no visible global function definition for 'integrate'
    BayCens: no visible global function definition for 'txtProgressBar'
    BayCens: no visible global function definition for 'setTxtProgressBar'
    Bayes.CR: no visible binding for global variable 'sd'
    Bayes.CR: no visible global function definition for 'sd'
    Gibbs: no visible global function definition for 'lm'
    Gibbs: no visible global function definition for 'coefficients'
    Gibbs: no visible global function definition for 'rnorm'
    Gibbs: no visible global function definition for 'runif'
    GibbsTruncSMN: no visible global function definition for 'lm'
    GibbsTruncSMN: no visible global function definition for 'coefficients'
    GibbsTruncSMN: no visible global function definition for 'runif'
    GibbsTruncSMN: no visible global function definition for 'rbeta'
    GibbsTruncSMN: no visible global function definition for 'rbinom'
    LogVerosCens: no visible global function definition for 'dnorm'
    LogVerosCens: no visible global function definition for 'pnorm'
    LogVerosCens: no visible global function definition for 'dt'
    LogVerosCens: no visible global function definition for 'pt'
    MHnu: no visible global function definition for 'deriv'
    MHnu: no visible global function definition for 'runif'
    MHnuST: no visible global function definition for 'deriv'
    MHnuST: no visible global function definition for 'runif'
    MHrhoCN: no visible global function definition for 'rlnorm'
    MHrhoCN: no visible global function definition for 'runif'
    PearsonVII: no visible global function definition for 'pt'
    Rhat: no visible binding for global variable 'var'
    Rhat: no visible global function definition for 'cov'
    Rhat: no visible global function definition for 'var'
    cdfSNI: no visible global function definition for 'pnorm'
    cdfSNI: no visible global function definition for 'pt'
    cdfSNI : cdf : f: no visible global function definition for 'dnorm'
    cdfSNI : cdf : f: no visible global function definition for 'pnorm'
    cdfSNI : cdf: no visible global function definition for 'integrate'
    cdfSNI: no visible global function definition for 'integrate'
    dNormalC: no visible global function definition for 'dnorm'
    dPearsonVII: no visible global function definition for 'dt'
    dSlash : f1: no visible global function definition for 'dnorm'
    dSlash: no visible global function definition for 'integrate'
    dt.ls: no visible global function definition for 'dt'
    dt.ls: no visible global function definition for 'pt'
    pdfSNI: no visible global function definition for 'dnorm'
    pdfSNI: no visible global function definition for 'dt'
    pdfSNI: no visible global function definition for 'pnorm'
    pdfSNI: no visible global function definition for 'pt'
    pdfSNI : f: no visible global function definition for 'dnorm'
    pdfSNI : f: no visible global function definition for 'pnorm'
    pdfSNI: no visible global function definition for 'integrate'
    rSMSN: no visible global function definition for 'rnorm'
    rSMSN: no visible global function definition for 'rt'
    rSMSN: no visible global function definition for 'runif'
    rSMSN: no visible global function definition for 'rbeta'
    rTGama: no visible global function definition for 'runif'
    rTN: no visible global function definition for 'runif'
    rTN: no visible global function definition for 'pnorm'
    rTN: no visible global function definition for 'qnorm'
    rU: no visible global function definition for 'runif'
    Undefined global functions or variables:
     coefficients cov deriv dnorm dt integrate lm pnorm pt qnorm rbeta
     rbinom rlnorm rnorm rt runif sd setTxtProgressBar txtProgressBar var
    Consider adding
     importFrom("stats", "coefficients", "cov", "deriv", "dnorm", "dt",
     "integrate", "lm", "pnorm", "pt", "qnorm", "rbeta",
     "rbinom", "rlnorm", "rnorm", "rt", "runif", "sd", "var")
     importFrom("utils", "setTxtProgressBar", "txtProgressBar")
    to your NAMESPACE file.
Flavor: r-oldrel-windows-ix86+x86_64

Version: 2.1
Check: whether package can be installed
Result: ERROR
    Installation failed.
Flavor: r-oldrel-osx-x86_64