CRAN Package Check Results for Package BayesComm

Last updated on 2022-05-27 14:52:53 CEST.

Flavor Version Tinstall Tcheck Ttotal Status Flags
r-devel-linux-x86_64-debian-clang 0.1-2 40.24 43.25 83.49 OK
r-devel-linux-x86_64-debian-gcc 0.1-2 35.79 33.46 69.25 OK
r-devel-linux-x86_64-fedora-clang 0.1-2 125.20 NOTE
r-devel-linux-x86_64-fedora-gcc 0.1-2 112.44 NOTE
r-devel-windows-x86_64 0.1-2 49.00 79.00 128.00 OK
r-patched-linux-x86_64 0.1-2 38.32 41.53 79.85 OK
r-release-linux-x86_64 0.1-2 38.52 41.05 79.57 OK
r-release-macos-arm64 0.1-2 30.00 OK
r-release-macos-x86_64 0.1-2 44.00 OK
r-release-windows-x86_64 0.1-2 49.00 82.00 131.00 OK
r-oldrel-macos-arm64 0.1-2 38.00 OK
r-oldrel-macos-x86_64 0.1-2 59.00 OK
r-oldrel-windows-ix86+x86_64 0.1-2 119.00 85.00 204.00 OK

Check Details

Version: 0.1-2
Check: compiled code
Result: NOTE
    File ‘BayesComm/libs/BayesComm.so’:
     Found no calls to: ‘R_registerRoutines’, ‘R_useDynamicSymbols’
    
    It is good practice to register native routines and to disable symbol
    search.
    
    See ‘Writing portable packages’ in the ‘Writing R Extensions’ manual.
Flavors: r-devel-linux-x86_64-fedora-clang, r-devel-linux-x86_64-fedora-gcc