CRAN Package Check Results for Package BayesESS

Last updated on 2019-09-16 00:47:35 CEST.

Flavor Version Tinstall Tcheck Ttotal Status Flags
r-devel-linux-x86_64-debian-clang 0.1.12 46.05 63.42 109.47 OK
r-devel-linux-x86_64-debian-gcc 0.1.12 34.49 50.24 84.73 OK
r-devel-linux-x86_64-fedora-clang 0.1.12 151.69 NOTE
r-devel-linux-x86_64-fedora-gcc 0.1.12 149.71 NOTE
r-devel-windows-ix86+x86_64 0.1.12 120.00 145.00 265.00 OK
r-patched-linux-x86_64 0.1.12 41.78 62.15 103.93 OK
r-patched-solaris-x86 0.1.12 180.10 NOTE
r-release-linux-x86_64 0.1.12 41.43 61.80 103.23 OK
r-release-windows-ix86+x86_64 0.1.12 83.00 92.00 175.00 OK
r-release-osx-x86_64 0.1.12 NOTE
r-oldrel-windows-ix86+x86_64 0.1.12 114.00 99.00 213.00 OK
r-oldrel-osx-x86_64 0.1.12 NOTE

Check Details

Version: 0.1.12
Check: dependencies in R code
Result: NOTE
    Namespaces in Imports field not imported from:
     ‘MASS’ ‘MatrixModels’
     All declared Imports should be used.
Flavors: r-devel-linux-x86_64-fedora-clang, r-devel-linux-x86_64-fedora-gcc, r-patched-solaris-x86, r-release-osx-x86_64, r-oldrel-osx-x86_64