CRAN Package Check Results for Package BayesESS

Last updated on 2020-01-19 14:47:05 CET.

Flavor Version Tinstall Tcheck Ttotal Status Flags
r-devel-linux-x86_64-debian-clang 0.1.19 56.45 71.56 128.01 OK
r-devel-linux-x86_64-debian-gcc 0.1.19 35.52 57.44 92.96 OK
r-devel-linux-x86_64-fedora-clang 0.1.19 166.18 NOTE
r-devel-linux-x86_64-fedora-gcc 0.1.19 160.05 NOTE
r-devel-windows-ix86+x86_64 0.1.19 137.00 154.00 291.00 OK
r-devel-windows-ix86+x86_64-gcc8 0.1.19 114.00 110.00 224.00 OK
r-patched-linux-x86_64 0.1.19 38.80 62.08 100.88 OK
r-patched-solaris-x86 0.1.19 174.30 NOTE
r-release-linux-x86_64 0.1.19 39.12 62.32 101.44 OK
r-release-windows-ix86+x86_64 0.1.19 130.00 98.00 228.00 OK
r-release-osx-x86_64 0.1.19 NOTE
r-oldrel-windows-ix86+x86_64 0.1.19 114.00 132.00 246.00 OK
r-oldrel-osx-x86_64 0.1.19 NOTE

Check Details

Version: 0.1.19
Check: dependencies in R code
Result: NOTE
    Namespaces in Imports field not imported from:
     ‘MASS’ ‘MatrixModels’
     All declared Imports should be used.
Flavors: r-devel-linux-x86_64-fedora-clang, r-devel-linux-x86_64-fedora-gcc, r-patched-solaris-x86, r-release-osx-x86_64, r-oldrel-osx-x86_64