CRAN Package Check Results for Package BayesFactor

Last updated on 2022-06-26 00:51:31 CEST.

Flavor Version Tinstall Tcheck Ttotal Status Flags
r-devel-linux-x86_64-debian-clang 0.9.12-4.3 274.48 289.60 564.08 WARN
r-devel-linux-x86_64-debian-gcc 0.9.12-4.3 209.23 217.62 426.85 NOTE
r-devel-linux-x86_64-fedora-clang 0.9.12-4.3 856.64 WARN
r-devel-linux-x86_64-fedora-gcc 0.9.12-4.3 707.59 WARN
r-devel-windows-x86_64 0.9.12-4.3 363.00 350.00 713.00 NOTE
r-patched-linux-x86_64 0.9.12-4.3 224.27 280.39 504.66 OK
r-release-linux-x86_64 0.9.12-4.3 220.57 273.69 494.26 OK
r-release-macos-arm64 0.9.12-4.3 164.00 NOTE
r-release-macos-x86_64 0.9.12-4.3 1301.00 NOTE
r-release-windows-x86_64 0.9.12-4.3 362.00 347.00 709.00 NOTE
r-oldrel-macos-arm64 0.9.12-4.3 144.00 NOTE
r-oldrel-macos-x86_64 0.9.12-4.3 227.00 NOTE
r-oldrel-windows-ix86+x86_64 0.9.12-4.3 631.00 414.00 1045.00 NOTE

Additional issues

clang14

Check Details

Version: 0.9.12-4.3
Check: whether package can be installed
Result: WARN
    Found the following significant warnings:
     jzs_Gauss_approx_aov.cpp:51:11: warning: use of bitwise '|' with boolean operands [-Wbitwise-instead-of-logical]
Flavors: r-devel-linux-x86_64-debian-clang, r-devel-linux-x86_64-fedora-clang

Version: 0.9.12-4.3
Check: Rd files
Result: NOTE
    checkRd: (-1) BayesFactor-package.Rd:54: Escaped LaTeX specials: \&
    checkRd: (-1) oneWayAOV.Fstat.Rd:62: Escaped LaTeX specials: \&
    checkRd: (-1) ttestBF.Rd:115: Escaped LaTeX specials: \&
Flavors: r-devel-linux-x86_64-debian-clang, r-devel-linux-x86_64-debian-gcc, r-devel-linux-x86_64-fedora-clang, r-devel-linux-x86_64-fedora-gcc, r-devel-windows-x86_64

Version: 0.9.12-4.3
Check: package dependencies
Result: WARN
    Requires orphaned package: ‘gtools’
Flavors: r-devel-linux-x86_64-fedora-clang, r-devel-linux-x86_64-fedora-gcc

Version: 0.9.12-4.3
Check: installed package size
Result: NOTE
     installed size is 19.4Mb
     sub-directories of 1Mb or more:
     doc 5.4Mb
     libs 12.9Mb
Flavors: r-devel-linux-x86_64-fedora-clang, r-devel-windows-x86_64, r-release-macos-arm64, r-release-macos-x86_64, r-release-windows-x86_64, r-oldrel-macos-arm64, r-oldrel-macos-x86_64, r-oldrel-windows-ix86+x86_64

Version: 0.9.12-4.3
Check: package dependencies
Result: NOTE
    Package suggested but not available for checking: 'doMC'
Flavors: r-devel-windows-x86_64, r-release-windows-x86_64, r-oldrel-windows-ix86+x86_64