CRAN Package Check Results for Package BayesFactor

Last updated on 2018-08-20 07:47:30 CEST.

Flavor Version Tinstall Tcheck Ttotal Status Flags
r-devel-linux-x86_64-debian-clang 0.9.12-4.2 213.45 288.48 501.93 OK
r-devel-linux-x86_64-debian-gcc 0.9.12-4.2 188.95 225.91 414.86 OK
r-devel-linux-x86_64-fedora-clang 0.9.12-4.2 664.58 NOTE
r-devel-linux-x86_64-fedora-gcc 0.9.12-4.2 645.76 OK
r-devel-windows-ix86+x86_64 0.9.12-4.2 474.00 418.00 892.00 NOTE
r-patched-linux-x86_64 0.9.12-4.2 244.57 262.05 506.62 OK
r-patched-solaris-x86 0.9.12-4.2 701.10 NOTE
r-release-linux-x86_64 0.9.12-4.2 238.69 261.51 500.20 OK
r-release-windows-ix86+x86_64 0.9.12-4.2 500.00 429.00 929.00 NOTE
r-release-osx-x86_64 0.9.12-4.2 NOTE
r-oldrel-windows-ix86+x86_64 0.9.12-4.2 327.00 338.00 665.00 NOTE
r-oldrel-osx-x86_64 0.9.12-4.2 NOTE

Check Details

Version: 0.9.12-4.2
Check: installed package size
Result: NOTE
     installed size is 22.7Mb
     sub-directories of 1Mb or more:
     doc 5.4Mb
     libs 16.2Mb
Flavors: r-devel-linux-x86_64-fedora-clang, r-devel-windows-ix86+x86_64, r-patched-solaris-x86, r-release-windows-ix86+x86_64, r-release-osx-x86_64, r-oldrel-windows-ix86+x86_64, r-oldrel-osx-x86_64

Version: 0.9.12-4.2
Check: package dependencies
Result: NOTE
    Package suggested but not available for checking: 'doMC'
Flavors: r-devel-windows-ix86+x86_64, r-release-windows-ix86+x86_64, r-oldrel-windows-ix86+x86_64