CRAN Package Check Results for Package BayesFactor

Last updated on 2018-05-24 19:49:17 CEST.

Flavor Version Tinstall Tcheck Ttotal Status Flags
r-devel-linux-x86_64-debian-clang 0.9.12-4.2 207.24 262.91 470.15 OK
r-devel-linux-x86_64-debian-gcc 0.9.12-4.2 173.85 226.09 399.94 OK
r-devel-linux-x86_64-fedora-clang 0.9.12-4.2 456.23 NOTE
r-devel-linux-x86_64-fedora-gcc 0.9.12-4.2 611.57 NOTE
r-devel-windows-ix86+x86_64 0.9.12-4.2 362.00 297.00 659.00 NOTE
r-patched-linux-x86_64 0.9.12-4.2 216.92 259.34 476.26 OK
r-patched-solaris-x86 0.9.12-4.2 625.00 NOTE
r-release-linux-x86_64 0.9.12-4.2 218.65 263.44 482.09 OK
r-release-windows-ix86+x86_64 0.9.12-4.2 492.00 392.00 884.00 NOTE
r-release-osx-x86_64 0.9.12-4.2 NOTE
r-oldrel-windows-ix86+x86_64 0.9.12-4.2 461.00 305.00 766.00 NOTE
r-oldrel-osx-x86_64 0.9.12-2 NOTE

Check Details

Version: 0.9.12-4.2
Check: installed package size
Result: NOTE
     installed size is 22.5Mb
     sub-directories of 1Mb or more:
     doc 5.4Mb
     libs 16.0Mb
Flavors: r-devel-linux-x86_64-fedora-clang, r-devel-linux-x86_64-fedora-gcc, r-devel-windows-ix86+x86_64, r-patched-solaris-x86, r-release-windows-ix86+x86_64, r-release-osx-x86_64, r-oldrel-windows-ix86+x86_64

Version: 0.9.12-4.2
Check: package dependencies
Result: NOTE
    Package suggested but not available for checking: 'doMC'
Flavors: r-devel-windows-ix86+x86_64, r-release-windows-ix86+x86_64, r-oldrel-windows-ix86+x86_64

Version: 0.9.12-2
Check: installed package size
Result: NOTE
     installed size is 9.7Mb
     sub-directories of 1Mb or more:
     doc 1.7Mb
     libs 7.4Mb
Flavor: r-oldrel-osx-x86_64