CRAN Package Check Results for Package BayesFactor

Last updated on 2018-11-13 02:48:28 CET.

Flavor Version Tinstall Tcheck Ttotal Status Flags
r-devel-linux-x86_64-debian-clang 0.9.12-4.2 214.04 295.14 509.18 OK
r-devel-linux-x86_64-debian-gcc 0.9.12-4.2 186.38 227.38 413.76 OK
r-devel-linux-x86_64-fedora-clang 0.9.12-4.2 696.72 NOTE
r-devel-linux-x86_64-fedora-gcc 0.9.12-4.2 639.62 OK
r-devel-windows-ix86+x86_64 0.9.12-4.2 376.00 306.00 682.00 NOTE
r-patched-linux-x86_64 0.9.12-4.2 236.99 267.33 504.32 OK
r-patched-solaris-x86 0.9.12-4.2 717.80 NOTE
r-release-linux-x86_64 0.9.12-4.2 226.37 260.49 486.86 OK
r-release-windows-ix86+x86_64 0.9.12-4.2 497.00 389.00 886.00 NOTE
r-release-osx-x86_64 0.9.12-4.2 NOTE
r-oldrel-windows-ix86+x86_64 0.9.12-4.2 477.00 416.00 893.00 NOTE
r-oldrel-osx-x86_64 0.9.12-4.2 NOTE

Check Details

Version: 0.9.12-4.2
Check: installed package size
Result: NOTE
     installed size is 23.1Mb
     sub-directories of 1Mb or more:
     doc 5.4Mb
     libs 16.6Mb
Flavors: r-devel-linux-x86_64-fedora-clang, r-devel-windows-ix86+x86_64, r-patched-solaris-x86, r-release-windows-ix86+x86_64, r-release-osx-x86_64, r-oldrel-windows-ix86+x86_64, r-oldrel-osx-x86_64

Version: 0.9.12-4.2
Check: package dependencies
Result: NOTE
    Package suggested but not available for checking: 'doMC'
Flavors: r-devel-windows-ix86+x86_64, r-release-windows-ix86+x86_64, r-oldrel-windows-ix86+x86_64