Last updated on 2021-01-17 09:48:27 CET.
Flavor | Version | Tinstall | Tcheck | Ttotal | Status | Flags |
---|---|---|---|---|---|---|
r-devel-linux-x86_64-debian-clang | 0.9.12-4.2 | 284.58 | 289.45 | 574.03 | OK | |
r-devel-linux-x86_64-debian-gcc | 0.9.12-4.2 | 188.35 | 217.71 | 406.06 | OK | |
r-devel-linux-x86_64-fedora-clang | 0.9.12-4.2 | 761.95 | NOTE | |||
r-devel-linux-x86_64-fedora-gcc | 0.9.12-4.2 | 722.46 | OK | |||
r-devel-windows-ix86+x86_64 | 0.9.12-4.2 | 434.00 | 300.00 | 734.00 | NOTE | |
r-patched-linux-x86_64 | 0.9.12-4.2 | 214.12 | 272.82 | 486.94 | OK | |
r-patched-solaris-x86 | 0.9.12-4.2 | 749.00 | NOTE | |||
r-release-linux-x86_64 | 0.9.12-4.2 | 218.05 | 272.52 | 490.57 | OK | |
r-release-macos-x86_64 | 0.9.12-4.2 | NOTE | ||||
r-release-windows-ix86+x86_64 | 0.9.12-4.2 | 501.00 | 334.00 | 835.00 | NOTE | |
r-oldrel-macos-x86_64 | 0.9.12-4.2 | NOTE | ||||
r-oldrel-windows-ix86+x86_64 | 0.9.12-4.2 | 521.00 | 365.00 | 886.00 | NOTE |
Version: 0.9.12-4.2
Check: installed package size
Result: NOTE
installed size is 22.4Mb
sub-directories of 1Mb or more:
doc 5.4Mb
libs 15.8Mb
Flavors: r-devel-linux-x86_64-fedora-clang, r-devel-windows-ix86+x86_64, r-patched-solaris-x86, r-release-macos-x86_64, r-release-windows-ix86+x86_64, r-oldrel-macos-x86_64, r-oldrel-windows-ix86+x86_64
Version: 0.9.12-4.2
Check: package dependencies
Result: NOTE
Package suggested but not available for checking: 'doMC'
Flavors: r-devel-windows-ix86+x86_64, r-release-windows-ix86+x86_64, r-oldrel-windows-ix86+x86_64