CRAN Package Check Results for Package BayesFactor

Last updated on 2019-09-18 14:47:42 CEST.

Flavor Version Tinstall Tcheck Ttotal Status Flags
r-devel-linux-x86_64-debian-clang 0.9.12-4.2 209.46 272.43 481.89 OK
r-devel-linux-x86_64-debian-gcc 0.9.12-4.2 175.40 210.51 385.91 OK
r-devel-linux-x86_64-fedora-clang 0.9.12-4.2 682.74 NOTE
r-devel-linux-x86_64-fedora-gcc 0.9.12-4.2 660.56 OK
r-devel-windows-ix86+x86_64 0.9.12-4.2 493.00 433.00 926.00 NOTE
r-patched-linux-x86_64 0.9.12-4.2 199.96 266.67 466.63 OK
r-patched-solaris-x86 0.9.12-4.2 735.40 NOTE
r-release-linux-x86_64 0.9.12-4.2 198.44 266.06 464.50 OK
r-release-windows-ix86+x86_64 0.9.12-4.2 364.00 324.00 688.00 NOTE
r-release-osx-x86_64 0.9.12-4.2 NOTE
r-oldrel-windows-ix86+x86_64 0.9.12-4.2 364.00 286.00 650.00 NOTE
r-oldrel-osx-x86_64 0.9.12-4.2 NOTE

Check Details

Version: 0.9.12-4.2
Check: installed package size
Result: NOTE
     installed size is 21.4Mb
     sub-directories of 1Mb or more:
     doc 5.4Mb
     libs 14.9Mb
Flavors: r-devel-linux-x86_64-fedora-clang, r-devel-windows-ix86+x86_64, r-patched-solaris-x86, r-release-windows-ix86+x86_64, r-release-osx-x86_64, r-oldrel-windows-ix86+x86_64, r-oldrel-osx-x86_64

Version: 0.9.12-4.2
Check: package dependencies
Result: NOTE
    Package suggested but not available for checking: 'doMC'
Flavors: r-devel-windows-ix86+x86_64, r-release-windows-ix86+x86_64, r-oldrel-windows-ix86+x86_64