CRAN Package Check Results for Package BayesFactor

Last updated on 2018-02-20 05:47:42 CET.

Flavor Version Tinstall Tcheck Ttotal Status Flags
r-devel-linux-x86_64-debian-clang 0.9.12-2 168.71 189.63 358.34 NOTE
r-devel-linux-x86_64-debian-gcc 0.9.12-2 139.85 181.40 321.25 NOTE
r-devel-linux-x86_64-fedora-clang 0.9.12-2 548.86 NOTE
r-devel-linux-x86_64-fedora-gcc 0.9.12-2 516.20 NOTE
r-devel-windows-ix86+x86_64 0.9.12-2 302.00 246.00 548.00 NOTE
r-patched-linux-x86_64 0.9.12-2 166.52 249.19 415.71 NOTE
r-patched-solaris-x86 0.9.12-2 578.50 OK
r-release-linux-x86_64 0.9.12-2 158.51 239.64 398.15 NOTE
r-release-windows-ix86+x86_64 0.9.12-2 415.00 363.00 778.00 NOTE
r-release-osx-x86_64 0.9.12-2 NOTE
r-oldrel-windows-ix86+x86_64 0.9.12-2 403.00 316.00 719.00 NOTE
r-oldrel-osx-x86_64 0.9.12-2 NOTE

Check Details

Version: 0.9.12-2
Check: compiled code
Result: NOTE
    File ‘BayesFactor/libs/BayesFactor.so’:
     Found no calls to: ‘R_registerRoutines’, ‘R_useDynamicSymbols’
    
    It is good practice to register native routines and to disable symbol
    search.
    
    See ‘Writing portable packages’ in the ‘Writing R Extensions’ manual.
Flavors: r-devel-linux-x86_64-debian-clang, r-devel-linux-x86_64-debian-gcc, r-devel-linux-x86_64-fedora-clang, r-devel-linux-x86_64-fedora-gcc, r-patched-linux-x86_64, r-release-linux-x86_64

Version: 0.9.12-2
Check: installed package size
Result: NOTE
     installed size is 17.9Mb
     sub-directories of 1Mb or more:
     doc 1.7Mb
     libs 15.3Mb
Flavors: r-devel-linux-x86_64-fedora-clang, r-devel-linux-x86_64-fedora-gcc, r-release-osx-x86_64, r-oldrel-osx-x86_64

Version: 0.9.12-2
Check: package dependencies
Result: NOTE
    Package suggested but not available for checking: 'doMC'
Flavors: r-devel-windows-ix86+x86_64, r-release-windows-ix86+x86_64, r-oldrel-windows-ix86+x86_64