CRAN Package Check Results for Package BayesFactor

Last updated on 2019-02-18 05:49:12 CET.

Flavor Version Tinstall Tcheck Ttotal Status Flags
r-devel-linux-x86_64-debian-clang 0.9.12-4.2 211.51 278.31 489.82 OK
r-devel-linux-x86_64-debian-gcc 0.9.12-4.2 174.53 213.98 388.51 OK
r-devel-linux-x86_64-fedora-clang 0.9.12-4.2 692.78 NOTE
r-devel-linux-x86_64-fedora-gcc 0.9.12-4.2 622.36 OK
r-devel-windows-ix86+x86_64 0.9.12-4.2 487.00 393.00 880.00 NOTE
r-patched-linux-x86_64 0.9.12-4.2 213.46 263.30 476.76 OK
r-patched-solaris-x86 0.9.12-4.2 701.70 NOTE
r-release-linux-x86_64 0.9.12-4.2 OK
r-release-windows-ix86+x86_64 0.9.12-4.2 370.00 313.00 683.00 NOTE
r-release-osx-x86_64 0.9.12-4.2 NOTE
r-oldrel-windows-ix86+x86_64 0.9.12-4.2 503.00 346.00 849.00 NOTE
r-oldrel-osx-x86_64 0.9.12-4.2 NOTE

Check Details

Version: 0.9.12-4.2
Check: installed package size
Result: NOTE
     installed size is 20.8Mb
     sub-directories of 1Mb or more:
     doc 5.4Mb
     libs 14.3Mb
Flavors: r-devel-linux-x86_64-fedora-clang, r-devel-windows-ix86+x86_64, r-patched-solaris-x86, r-release-windows-ix86+x86_64, r-release-osx-x86_64, r-oldrel-windows-ix86+x86_64, r-oldrel-osx-x86_64

Version: 0.9.12-4.2
Check: package dependencies
Result: NOTE
    Package suggested but not available for checking: 'doMC'
Flavors: r-devel-windows-ix86+x86_64, r-release-windows-ix86+x86_64, r-oldrel-windows-ix86+x86_64