CRAN Package Check Results for Package BayesGOF

Last updated on 2018-02-23 05:54:15 CET.

Flavor Version Tinstall Tcheck Ttotal Status Flags
r-devel-linux-x86_64-debian-clang 2.1 3.08 505.32 508.40 OK
r-devel-linux-x86_64-debian-gcc 2.1 3.04 428.46 431.50 OK
r-devel-linux-x86_64-fedora-clang 2.1 704.51 OK
r-devel-linux-x86_64-fedora-gcc 2.1 685.89 OK
r-devel-windows-ix86+x86_64 2.1 11.00 766.00 777.00 OK
r-patched-linux-x86_64 2.1 1.66 646.92 648.58 WARN
r-patched-solaris-x86 2.1 947.80 OK
r-release-linux-x86_64 2.1 1.88 645.19 647.07 OK
r-release-windows-ix86+x86_64 2.1 5.00 869.00 874.00 OK
r-release-osx-x86_64 2.1 OK
r-oldrel-windows-ix86+x86_64 2.1 4.00 701.00 705.00 OK
r-oldrel-osx-x86_64 1.4 OK

Check Details

Version: 2.1
Check: re-building of vignette outputs
Result: WARN
    Error in re-building vignettes:
     ...
    Loading required package: orthopolynom
    Loading required package: polynom
    Loading required package: VGAM
    Loading required package: stats4
    Loading required package: splines
    Killed
Flavor: r-patched-linux-x86_64