CRAN Package Check Results for Package BayesGWQS

Last updated on 2022-12-01 06:52:39 CET.

Flavor Version Tinstall Tcheck Ttotal Status Flags
r-devel-linux-x86_64-debian-clang 0.1.1 2.30 27.83 30.13 OK
r-devel-linux-x86_64-debian-gcc 0.1.1 1.60 22.07 23.67 OK
r-devel-linux-x86_64-fedora-clang 0.1.1 50.83 NOTE
r-devel-linux-x86_64-fedora-gcc 0.1.1 48.13 NOTE
r-devel-windows-x86_64 0.1.1 14.00 56.00 70.00 OK
r-patched-linux-x86_64 0.1.1 1.69 26.58 28.27 OK
r-release-linux-x86_64 0.1.1 2.28 26.69 28.97 OK
r-release-macos-arm64 0.1.1 17.00 NOTE
r-release-macos-x86_64 0.1.1 26.00 NOTE
r-release-windows-x86_64 0.1.1 12.00 56.00 68.00 OK
r-oldrel-macos-arm64 0.1.1 17.00 NOTE
r-oldrel-macos-x86_64 0.1.1 26.00 NOTE
r-oldrel-windows-ix86+x86_64 0.1.1 6.00 49.00 55.00 OK

Check Details

Version: 0.1.1
Check: dependencies in R code
Result: NOTE
    Namespace in Imports field not imported from: ‘plyr’
     All declared Imports should be used.
Flavors: r-devel-linux-x86_64-fedora-clang, r-devel-linux-x86_64-fedora-gcc, r-release-macos-arm64, r-release-macos-x86_64, r-oldrel-macos-arm64, r-oldrel-macos-x86_64